CRAN Package Check Results for Package hettx

Last updated on 2021-12-04 19:52:57 CET.

Flavor Version Tinstall Tcheck Ttotal Status Flags
r-devel-linux-x86_64-debian-clang 0.1.1 18.56 347.32 365.88 OK
r-devel-linux-x86_64-debian-gcc 0.1.1 14.01 255.67 269.68 OK
r-devel-linux-x86_64-fedora-clang 0.1.1 420.86 NOTE
r-devel-linux-x86_64-fedora-gcc 0.1.1 410.37 NOTE
r-devel-windows-x86_64-new-UL 0.1.1 34.00 400.00 434.00 OK
r-devel-windows-x86_64-new-TK 0.1.1 NOTE
r-devel-windows-x86_64-old 0.1.1 29.00 280.00 309.00 OK
r-patched-linux-x86_64 0.1.1 17.93 329.63 347.56 ERROR
r-release-linux-x86_64 0.1.1 16.24 329.49 345.73 OK
r-release-macos-arm64 0.1.1 NOTE
r-release-macos-x86_64 0.1.1 NOTE
r-release-windows-ix86+x86_64 0.1.1 42.00 396.00 438.00 OK
r-oldrel-macos-x86_64 0.1.1 NOTE
r-oldrel-windows-ix86+x86_64 0.1.1 43.00 404.00 447.00 OK

Check Details

Version: 0.1.1
Check: dependencies in R code
Result: NOTE
    Namespaces in Imports field not imported from:
     ‘dplyr’ ‘purrr’ ‘tidyverse’
     All declared Imports should be used.
Flavors: r-devel-linux-x86_64-fedora-clang, r-devel-linux-x86_64-fedora-gcc, r-devel-windows-x86_64-new-TK, r-release-macos-arm64, r-release-macos-x86_64, r-oldrel-macos-x86_64

Version: 0.1.1
Check: tests
Result: ERROR
     Running ‘testthat.R’ [47s/51s]
    Running the tests in ‘tests/testthat.R’ failed.
    Complete output:
     > library(testthat)
     > library(hettx)
     >
     > test_check("hettx")
     ══ Failed tests ════════════════════════════════════════════════════════════════
     ── Error (test_estimate_systematic.R:99:5): Main complier methods work ─────────
     Error in `est.beta.LATE(formula = formula, data = data, interaction.formula = interaction.formula,
     method = method, na.rm = na.rm)`: min(n11, n10, n01, n00) > 1 is not TRUE
     Backtrace:
     █
     1. └─hettx::estimate_systematic(...) test_estimate_systematic.R:99:4
     2. └─hettx:::est.beta.LATE(...)
     3. └─base::stopifnot(min(n11, n10, n01, n00) > 1)
    
     [ FAIL 1 | WARN 0 | SKIP 0 | PASS 29 ]
     Error: Test failures
     Execution halted
Flavor: r-patched-linux-x86_64