CRAN Package Check Results for Package hexSticker

Last updated on 2022-05-26 21:50:08 CEST.

Flavor Version Tinstall Tcheck Ttotal Status Flags
r-devel-linux-x86_64-debian-clang 0.4.9 7.49 72.94 80.43 NOTE
r-devel-linux-x86_64-debian-gcc 0.4.9 5.53 62.33 67.86 NOTE
r-devel-linux-x86_64-fedora-clang 0.4.9 93.82 NOTE
r-devel-linux-x86_64-fedora-gcc 0.4.9 89.06 NOTE
r-devel-windows-x86_64 0.4.9 23.00 86.00 109.00 NOTE
r-patched-linux-x86_64 0.4.9 6.16 66.79 72.95 NOTE
r-release-linux-x86_64 0.4.9 5.95 67.01 72.96 NOTE
r-release-macos-arm64 0.4.9 29.00 NOTE
r-release-macos-x86_64 0.4.9 49.00 NOTE
r-release-windows-x86_64 0.4.9 23.00 85.00 108.00 NOTE
r-oldrel-macos-arm64 0.4.9 31.00 NOTE
r-oldrel-macos-x86_64 0.4.9 42.00 NOTE
r-oldrel-windows-ix86+x86_64 0.4.9 18.00 80.00 98.00 NOTE

Check Details

Version: 0.4.9
Check: LazyData
Result: NOTE
     'LazyData' is specified without a 'data' directory
Flavors: r-devel-linux-x86_64-debian-clang, r-devel-linux-x86_64-debian-gcc, r-devel-linux-x86_64-fedora-clang, r-devel-linux-x86_64-fedora-gcc, r-devel-windows-x86_64, r-patched-linux-x86_64, r-release-linux-x86_64, r-release-macos-arm64, r-release-macos-x86_64, r-release-windows-x86_64, r-oldrel-macos-arm64, r-oldrel-macos-x86_64, r-oldrel-windows-ix86+x86_64