Last updated on 2021-02-25 19:46:36 CET.
Flavor | Version | Tinstall | Tcheck | Ttotal | Status | Flags |
---|---|---|---|---|---|---|
r-devel-linux-x86_64-debian-clang | 2.2-1 | 12.43 | 87.99 | 100.42 | OK | |
r-devel-linux-x86_64-debian-gcc | 2.2-1 | 8.65 | 68.67 | 77.32 | OK | |
r-devel-linux-x86_64-fedora-clang | 2.2-1 | 128.21 | OK | |||
r-devel-linux-x86_64-fedora-gcc | 2.2-1 | 116.38 | OK | |||
r-devel-windows-ix86+x86_64 | 2.2-1 | 17.00 | 78.00 | 95.00 | OK | |
r-patched-linux-x86_64 | 2.2-1 | 9.12 | 81.82 | 90.94 | OK | |
r-patched-solaris-x86 | 2.2-1 | 162.00 | OK | |||
r-release-linux-x86_64 | 2.2-1 | 10.40 | 82.83 | 93.23 | OK | |
r-release-macos-x86_64 | 2.2-1 | OK | ||||
r-release-windows-ix86+x86_64 | 2.2-1 | 22.00 | 7.00 | 29.00 | ERROR | |
r-oldrel-macos-x86_64 | 2.2-1 | OK | ||||
r-oldrel-windows-ix86+x86_64 | 2.2-1 | 14.00 | 94.00 | 108.00 | OK |
Version: 2.2-1
Check: whether package can be installed
Result: ERROR
Installation failed.
Flavor: r-release-windows-ix86+x86_64