CRAN Package Check Results for Package hibayes

Last updated on 2024-02-28 19:49:37 CET.

Flavor Version Tinstall Tcheck Ttotal Status Flags
r-devel-linux-x86_64-debian-clang 3.0.3 252.57 96.02 348.59 OK
r-devel-linux-x86_64-debian-gcc 3.0.3 188.41 71.73 260.14 OK
r-devel-linux-x86_64-fedora-clang 3.0.3 463.30 OK
r-devel-linux-x86_64-fedora-gcc 3.0.3 480.06 OK
r-patched-linux-x86_64 3.0.3 238.00 93.87 331.87 OK
r-release-linux-x86_64 3.0.3 235.58 92.79 328.37 OK
r-release-macos-arm64 3.0.3 97.00 NOTE
r-release-macos-x86_64 3.0.3 140.00 NOTE
r-release-windows-x86_64 3.0.3 225.00 130.00 355.00 OK
r-oldrel-macos-arm64 3.0.3 94.00 NOTE
r-oldrel-windows-x86_64 3.0.3 210.00 126.00 336.00 OK

Check Details

Version: 3.0.3
Check: installed package size
Result: NOTE installed size is 10.9Mb sub-directories of 1Mb or more: libs 10.4Mb Flavors: r-release-macos-arm64, r-release-macos-x86_64, r-oldrel-macos-arm64