CRAN Package Check Results for Package hierarchicalDS

Last updated on 2022-08-18 21:49:49 CEST.

Flavor Version Tinstall Tcheck Ttotal Status Flags
r-devel-linux-x86_64-debian-clang 3.0 20.76 128.55 149.31 OK
r-devel-linux-x86_64-debian-gcc 3.0 12.47 95.72 108.19 OK
r-devel-linux-x86_64-fedora-clang 3.0 186.30 NOTE
r-devel-linux-x86_64-fedora-gcc 3.0 182.33 NOTE
r-devel-windows-x86_64 3.0 209.00 147.00 356.00 OK
r-patched-linux-x86_64 3.0 17.50 121.83 139.33 OK
r-release-linux-x86_64 3.0 OK
r-release-macos-arm64 3.0 47.00 NOTE
r-release-macos-x86_64 3.0 90.00 NOTE
r-release-windows-x86_64 3.0 244.00 150.00 394.00 OK
r-oldrel-macos-arm64 3.0 53.00 NOTE
r-oldrel-macos-x86_64 3.0 77.00 NOTE
r-oldrel-windows-ix86+x86_64 3.0 36.00 143.00 179.00 OK

Check Details

Version: 3.0
Check: dependencies in R code
Result: NOTE
    Namespace in Imports field not imported from: ‘MCMCpack’
     All declared Imports should be used.
Flavors: r-devel-linux-x86_64-fedora-clang, r-devel-linux-x86_64-fedora-gcc, r-release-macos-arm64, r-release-macos-x86_64, r-oldrel-macos-arm64, r-oldrel-macos-x86_64