CRAN Package Check Results for Package hindex

Last updated on 2024-03-03 19:56:24 CET.

Flavor Version Tinstall Tcheck Ttotal Status Flags
r-devel-linux-x86_64-debian-clang 0.2.0 3.96 38.77 42.73 NOTE
r-devel-linux-x86_64-debian-gcc 0.2.0 2.43 29.64 32.07 NOTE
r-devel-linux-x86_64-fedora-clang 0.2.0 53.41 NOTE
r-devel-linux-x86_64-fedora-gcc 0.2.0 51.03 NOTE
r-devel-windows-x86_64 0.2.0 5.00 54.00 59.00 NOTE
r-patched-linux-x86_64 0.2.0 3.92 38.38 42.30 NOTE
r-release-linux-x86_64 0.2.0 3.88 37.69 41.57 NOTE
r-release-macos-arm64 0.2.0 21.00 NOTE
r-release-macos-x86_64 0.2.0 30.00 NOTE
r-release-windows-x86_64 0.2.0 5.00 59.00 64.00 NOTE
r-oldrel-macos-arm64 0.2.0 20.00 NOTE
r-oldrel-windows-x86_64 0.2.0 5.00 60.00 65.00 NOTE

Check Details

Version: 0.2.0
Check: LazyData
Result: NOTE 'LazyData' is specified without a 'data' directory Flavors: r-devel-linux-x86_64-debian-clang, r-devel-linux-x86_64-debian-gcc, r-devel-linux-x86_64-fedora-clang, r-devel-linux-x86_64-fedora-gcc, r-devel-windows-x86_64, r-patched-linux-x86_64, r-release-linux-x86_64, r-release-macos-arm64, r-release-macos-x86_64, r-release-windows-x86_64, r-oldrel-macos-arm64, r-oldrel-windows-x86_64