CRAN Package Check Results for Package hkevp

Last updated on 2024-03-01 19:49:01 CET.

Flavor Version Tinstall Tcheck Ttotal Status Flags
r-devel-linux-x86_64-debian-clang 1.1.5 55.18 36.30 91.48 OK
r-devel-linux-x86_64-debian-gcc 1.1.5 40.75 27.62 68.37 OK
r-devel-linux-x86_64-fedora-clang 1.1.5 117.95 OK
r-devel-linux-x86_64-fedora-gcc 1.1.5 128.37 OK
r-devel-windows-x86_64 1.1.5 40.00 75.00 115.00 OK
r-patched-linux-x86_64 1.1.5 53.31 35.62 88.93 OK
r-release-linux-x86_64 1.1.5 55.27 35.62 90.89 OK
r-release-macos-arm64 1.1.5 38.00 NOTE
r-release-macos-x86_64 1.1.5 77.00 NOTE
r-release-windows-x86_64 1.1.5 38.00 79.00 117.00 OK
r-oldrel-macos-arm64 1.1.5 40.00 NOTE
r-oldrel-windows-x86_64 1.1.5 49.00 117.00 166.00 OK

Check Details

Version: 1.1.5
Check: installed package size
Result: NOTE installed size is 5.5Mb sub-directories of 1Mb or more: libs 5.3Mb Flavors: r-release-macos-arm64, r-release-macos-x86_64, r-oldrel-macos-arm64