CRAN Package Check Results for Package horseshoenlm

Last updated on 2022-05-27 21:51:24 CEST.

Flavor Version Tinstall Tcheck Ttotal Status Flags
r-devel-linux-x86_64-debian-clang 0.0.6 3.68 61.83 65.51 NOTE
r-devel-linux-x86_64-debian-gcc 0.0.6 2.58 46.98 49.56 NOTE
r-devel-linux-x86_64-fedora-clang 0.0.6 75.95 NOTE
r-devel-linux-x86_64-fedora-gcc 0.0.6 75.30 NOTE
r-devel-windows-x86_64 0.0.6 12.00 81.00 93.00 NOTE
r-patched-linux-x86_64 0.0.6 3.27 59.32 62.59 NOTE
r-release-linux-x86_64 0.0.6 3.34 60.14 63.48 NOTE
r-release-macos-arm64 0.0.6 27.00 NOTE
r-release-macos-x86_64 0.0.6 36.00 NOTE
r-release-windows-x86_64 0.0.6 11.00 77.00 88.00 NOTE
r-oldrel-macos-arm64 0.0.6 32.00 NOTE
r-oldrel-macos-x86_64 0.0.6 47.00 NOTE
r-oldrel-windows-ix86+x86_64 0.0.6 6.00 86.00 92.00 NOTE

Check Details

Version: 0.0.6
Check: LazyData
Result: NOTE
     'LazyData' is specified without a 'data' directory
Flavors: r-devel-linux-x86_64-debian-clang, r-devel-linux-x86_64-debian-gcc, r-devel-linux-x86_64-fedora-clang, r-devel-linux-x86_64-fedora-gcc, r-devel-windows-x86_64, r-patched-linux-x86_64, r-release-linux-x86_64, r-release-macos-arm64, r-release-macos-x86_64, r-release-windows-x86_64, r-oldrel-macos-arm64, r-oldrel-macos-x86_64, r-oldrel-windows-ix86+x86_64

Version: 0.0.6
Check: dependencies in R code
Result: NOTE
    Namespace in Imports field not imported from: ‘survival’
     All declared Imports should be used.
Flavors: r-devel-linux-x86_64-fedora-clang, r-devel-linux-x86_64-fedora-gcc, r-release-macos-arm64, r-release-macos-x86_64, r-oldrel-macos-arm64, r-oldrel-macos-x86_64