CRAN Package Check Results for Package hrqglas

Last updated on 2021-12-08 19:51:34 CET.

Flavor Version Tinstall Tcheck Ttotal Status Flags
r-devel-linux-x86_64-debian-clang 1.0.1 7.37 69.31 76.68 OK
r-devel-linux-x86_64-debian-gcc 1.0.1 6.55 54.86 61.41 OK
r-devel-linux-x86_64-fedora-clang 1.0.1 96.95 NOTE
r-devel-linux-x86_64-fedora-gcc 1.0.1 84.79 NOTE
r-devel-windows-x86_64-new-UL 1.0.1 17.00 98.00 115.00 OK
r-devel-windows-x86_64-new-TK 1.0.1 NOTE
r-devel-windows-x86_64-old 1.0.1 14.00 87.00 101.00 OK
r-patched-linux-x86_64 1.0.1 9.23 68.00 77.23 OK
r-release-linux-x86_64 1.0.1 8.54 68.49 77.03 OK
r-release-macos-arm64 1.0.1 NOTE
r-release-macos-x86_64 1.0.1 NOTE
r-release-windows-ix86+x86_64 1.0.1 17.00 104.00 121.00 OK
r-oldrel-macos-x86_64 1.0.1 NOTE
r-oldrel-windows-ix86+x86_64 1.0.1 21.00 104.00 125.00 OK

Check Details

Version: 1.0.1
Check: dependencies in R code
Result: NOTE
    Namespace in Imports field not imported from: ‘Rcpp’
     All declared Imports should be used.
Flavors: r-devel-linux-x86_64-fedora-clang, r-devel-linux-x86_64-fedora-gcc, r-devel-windows-x86_64-new-TK, r-release-macos-arm64, r-release-macos-x86_64, r-oldrel-macos-x86_64