CRAN Package Check Results for Package huge

Last updated on 2022-01-23 19:48:31 CET.

Flavor Version Tinstall Tcheck Ttotal Status Flags
r-devel-linux-x86_64-debian-clang 1.3.5 71.61 137.95 209.56 OK
r-devel-linux-x86_64-debian-gcc 1.3.5 58.04 122.54 180.58 OK
r-devel-linux-x86_64-fedora-clang 1.3.5 287.46 NOTE
r-devel-linux-x86_64-fedora-gcc 1.3.5 255.03 OK
r-devel-windows-x86_64-new-UL 1.3.5 70.00 203.00 273.00 OK
r-devel-windows-x86_64-new-TK 1.3.5 OK
r-patched-linux-x86_64 1.3.5 57.41 133.18 190.59 OK
r-release-linux-x86_64 1.3.5 66.51 131.78 198.29 OK
r-release-macos-arm64 1.3.5 NOTE
r-release-macos-x86_64 1.3.5 NOTE
r-release-windows-ix86+x86_64 1.3.5 172.00 248.00 420.00 OK
r-oldrel-macos-x86_64 1.3.5 NOTE
r-oldrel-windows-ix86+x86_64 1.3.5 172.00 245.00 417.00 OK

Check Details

Version: 1.3.5
Check: installed package size
Result: NOTE
     installed size is 8.7Mb
     sub-directories of 1Mb or more:
     libs 7.3Mb
Flavors: r-devel-linux-x86_64-fedora-clang, r-release-macos-arm64, r-release-macos-x86_64, r-oldrel-macos-x86_64