CRAN Package Check Results for Package huxtable

Last updated on 2021-11-27 19:49:36 CET.

Flavor Version Tinstall Tcheck Ttotal Status Flags
r-devel-linux-x86_64-debian-clang 5.4.0 OK
r-devel-linux-x86_64-debian-gcc 5.4.0 13.93 132.61 146.54 OK
r-devel-linux-x86_64-fedora-clang 5.4.0 242.22 NOTE
r-devel-linux-x86_64-fedora-gcc 5.4.0 253.50 NOTE
r-devel-windows-x86_64-new-UL 5.4.0 45.00 268.00 313.00 OK
r-devel-windows-x86_64-new-TK 5.4.0 NOTE
r-devel-windows-x86_64-old 5.4.0 17.00 240.00 257.00 OK
r-patched-linux-x86_64 5.4.0 17.48 175.78 193.26 OK
r-patched-solaris-x86 5.4.0 259.20 NOTE
r-release-linux-x86_64 5.4.0 OK
r-release-macos-arm64 5.4.0 NOTE
r-release-macos-x86_64 5.4.0 NOTE
r-release-windows-ix86+x86_64 5.4.0 30.00 174.00 204.00 OK
r-oldrel-macos-x86_64 5.4.0 NOTE
r-oldrel-windows-ix86+x86_64 5.4.0 19.00 235.00 254.00 OK

Check Details

Version: 5.4.0
Check: dependencies in R code
Result: NOTE
    Namespaces in Imports field not imported from:
     ‘R6’ ‘xml2’
     All declared Imports should be used.
Flavors: r-devel-linux-x86_64-fedora-clang, r-devel-linux-x86_64-fedora-gcc, r-devel-windows-x86_64-new-TK, r-patched-solaris-x86, r-release-macos-arm64, r-release-macos-x86_64, r-oldrel-macos-x86_64