Last updated on 2023-02-07 19:58:12 CET.
Flavor | Version | Tinstall | Tcheck | Ttotal | Status | Flags |
---|---|---|---|---|---|---|
r-devel-linux-x86_64-debian-clang | 2.0.0 | 247.02 | 173.40 | 420.42 | NOTE | |
r-devel-linux-x86_64-debian-gcc | 2.0.0 | 234.46 | 138.89 | 373.35 | NOTE | |
r-devel-linux-x86_64-fedora-clang | 2.0.0 | 583.42 | NOTE | |||
r-devel-linux-x86_64-fedora-gcc | 2.0.0 | 657.41 | NOTE | |||
r-devel-windows-x86_64 | 2.0.0 | 208.00 | 271.00 | 479.00 | NOTE | |
r-patched-linux-x86_64 | 2.0.0 | 227.45 | 182.91 | 410.36 | NOTE | |
r-release-linux-x86_64 | 2.0.0 | 206.64 | 183.45 | 390.09 | NOTE | |
r-release-macos-arm64 | 2.0.0 | 142.00 | NOTE | |||
r-release-macos-x86_64 | 2.0.0 | 213.00 | NOTE | |||
r-release-windows-x86_64 | 2.0.0 | 194.00 | 301.00 | 495.00 | NOTE | |
r-oldrel-macos-arm64 | 2.0.0 | 131.00 | NOTE | |||
r-oldrel-macos-x86_64 | 2.0.0 | 214.00 | NOTE | |||
r-oldrel-windows-ix86+x86_64 | 2.0.0 | 561.00 | 363.00 | 924.00 | NOTE |
Version: 2.0.0
Check: C++ specification
Result: NOTE
Specified C++14: please update to current default of C++17
Flavors: r-devel-linux-x86_64-debian-clang, r-devel-linux-x86_64-debian-gcc, r-devel-linux-x86_64-fedora-clang, r-devel-windows-x86_64
Version: 2.0.0
Check: for GNU extensions in Makefiles
Result: NOTE
GNU make is a SystemRequirements.
Flavors: r-devel-linux-x86_64-debian-clang, r-devel-linux-x86_64-debian-gcc, r-devel-linux-x86_64-fedora-clang, r-devel-linux-x86_64-fedora-gcc, r-devel-windows-x86_64, r-patched-linux-x86_64, r-release-linux-x86_64, r-release-macos-arm64, r-release-macos-x86_64, r-release-windows-x86_64, r-oldrel-macos-arm64, r-oldrel-macos-x86_64, r-oldrel-windows-ix86+x86_64
Version: 2.0.0
Check: C++ specification
Result: NOTE
Specified C++14: please drop specification unless essential
Flavor: r-devel-linux-x86_64-fedora-gcc
Version: 2.0.0
Check: installed package size
Result: NOTE
installed size is 43.0Mb
sub-directories of 1Mb or more:
libs 42.4Mb
Flavors: r-release-macos-arm64, r-release-macos-x86_64, r-oldrel-macos-arm64, r-oldrel-macos-x86_64, r-oldrel-windows-ix86+x86_64