CRAN Package Check Results for Package hypothesisr

Last updated on 2023-01-27 19:49:34 CET.

Flavor Version Tinstall Tcheck Ttotal Status Flags
r-devel-linux-x86_64-debian-clang 0.1.1 2.55 27.84 30.39 NOTE
r-devel-linux-x86_64-debian-gcc 0.1.1 1.95 21.77 23.72 NOTE
r-devel-linux-x86_64-fedora-clang 0.1.1 38.09 NOTE
r-devel-linux-x86_64-fedora-gcc 0.1.1 37.49 NOTE
r-devel-windows-x86_64 0.1.1 14.00 60.00 74.00 NOTE
r-patched-linux-x86_64 0.1.1 2.14 27.87 30.01 NOTE
r-release-linux-x86_64 0.1.1 2.14 27.88 30.02 NOTE
r-release-macos-arm64 0.1.1 19.00 NOTE
r-release-macos-x86_64 0.1.1 30.00 NOTE
r-release-windows-x86_64 0.1.1 25.00 58.00 83.00 NOTE
r-oldrel-macos-arm64 0.1.1 28.00 NOTE
r-oldrel-macos-x86_64 0.1.1 29.00 NOTE
r-oldrel-windows-ix86+x86_64 0.1.1 5.00 58.00 63.00 NOTE

Check Details

Version: 0.1.1
Check: LazyData
Result: NOTE
     'LazyData' is specified without a 'data' directory
Flavors: r-devel-linux-x86_64-debian-clang, r-devel-linux-x86_64-debian-gcc, r-devel-linux-x86_64-fedora-clang, r-devel-linux-x86_64-fedora-gcc, r-devel-windows-x86_64, r-patched-linux-x86_64, r-release-linux-x86_64, r-release-macos-arm64, r-release-macos-x86_64, r-release-windows-x86_64, r-oldrel-macos-arm64, r-oldrel-macos-x86_64, r-oldrel-windows-ix86+x86_64