CRAN Package Check Results for Package iAR

Last updated on 2024-02-22 19:55:34 CET.

Flavor Version Tinstall Tcheck Ttotal Status Flags
r-devel-linux-x86_64-debian-clang 1.2.0 NOTE
r-devel-linux-x86_64-debian-gcc 1.2.0 178.77 53.36 232.13 NOTE
r-devel-linux-x86_64-fedora-clang 1.2.0 447.77 NOTE
r-devel-linux-x86_64-fedora-gcc 1.2.0 443.24 NOTE
r-devel-windows-x86_64 1.2.0 171.00 106.00 277.00 NOTE
r-patched-linux-x86_64 1.2.0 223.63 67.79 291.42 NOTE
r-release-linux-x86_64 1.2.0 226.16 67.58 293.74 NOTE
r-release-macos-arm64 1.2.0 106.00 NOTE
r-release-macos-x86_64 1.2.0 177.00 NOTE
r-release-windows-x86_64 1.2.0 218.00 117.00 335.00 NOTE
r-oldrel-macos-arm64 1.2.0 88.00 NOTE
r-oldrel-windows-x86_64 1.2.0 214.00 110.00 324.00 OK

Check Details

Version: 1.2.0
Check: C++ specification
Result: NOTE Specified C++11: please drop specification unless essential Flavors: r-devel-linux-x86_64-debian-clang, r-devel-linux-x86_64-debian-gcc, r-devel-linux-x86_64-fedora-clang, r-devel-linux-x86_64-fedora-gcc, r-devel-windows-x86_64, r-patched-linux-x86_64, r-release-linux-x86_64, r-release-macos-arm64, r-release-macos-x86_64, r-release-windows-x86_64

Version: 1.2.0
Check: Rd files
Result: NOTE checkRd: (-1) BIARfit.Rd:27: Lost braces in \itemize; \value handles \item{}{} directly checkRd: (-1) BIARfit.Rd:28: Lost braces in \itemize; \value handles \item{}{} directly checkRd: (-1) BIARfit.Rd:29: Lost braces in \itemize; \value handles \item{}{} directly checkRd: (-1) BIARfit.Rd:30: Lost braces in \itemize; \value handles \item{}{} directly checkRd: (-1) BIARfit.Rd:31: Lost braces in \itemize; \value handles \item{}{} directly checkRd: (-1) BIARfit.Rd:32: Lost braces in \itemize; \value handles \item{}{} directly checkRd: (-1) BIARfit.Rd:33: Lost braces in \itemize; \value handles \item{}{} directly checkRd: (-1) BIARfit.Rd:34: Lost braces in \itemize; \value handles \item{}{} directly checkRd: (-1) BIARforecast.Rd:25: Lost braces in \itemize; \value handles \item{}{} directly checkRd: (-1) BIARforecast.Rd:26: Lost braces in \itemize; \value handles \item{}{} directly checkRd: (-1) BIARforecast.Rd:27: Lost braces in \itemize; \value handles \item{}{} directly checkRd: (-1) BIARforecast.Rd:28: Lost braces in \itemize; \value handles \item{}{} directly checkRd: (-1) BIARinterpolation.Rd:50: Lost braces in \itemize; \value handles \item{}{} directly checkRd: (-1) BIARinterpolation.Rd:51: Lost braces in \itemize; \value handles \item{}{} directly checkRd: (-1) BIARkalman.Rd:38: Lost braces in \itemize; \value handles \item{}{} directly checkRd: (-1) BIARkalman.Rd:39: Lost braces in \itemize; \value handles \item{}{} directly checkRd: (-1) BIARkalman.Rd:40: Lost braces in \itemize; \value handles \item{}{} directly checkRd: (-1) BIARsample.Rd:27: Lost braces in \itemize; \value handles \item{}{} directly checkRd: (-1) BIARsample.Rd:28: Lost braces in \itemize; \value handles \item{}{} directly checkRd: (-1) BIARsample.Rd:29: Lost braces in \itemize; \value handles \item{}{} directly checkRd: (-1) CIARfit.Rd:23: Lost braces in \itemize; \value handles \item{}{} directly checkRd: (-1) CIARfit.Rd:24: Lost braces in \itemize; \value handles \item{}{} directly checkRd: (-1) CIARfit.Rd:25: Lost braces in \itemize; \value handles \item{}{} directly checkRd: (-1) CIARfit.Rd:26: Lost braces in \itemize; \value handles \item{}{} directly checkRd: (-1) CIARfit.Rd:27: Lost braces in \itemize; \value handles \item{}{} directly checkRd: (-1) CIARfit.Rd:28: Lost braces in \itemize; \value handles \item{}{} directly checkRd: (-1) CIARforecast.Rd:23: Lost braces in \itemize; \value handles \item{}{} directly checkRd: (-1) CIARforecast.Rd:24: Lost braces in \itemize; \value handles \item{}{} directly checkRd: (-1) CIARforecast.Rd:25: Lost braces in \itemize; \value handles \item{}{} directly checkRd: (-1) CIARforecast.Rd:26: Lost braces in \itemize; \value handles \item{}{} directly checkRd: (-1) CIARinterpolation.Rd:41: Lost braces in \itemize; \value handles \item{}{} directly checkRd: (-1) CIARinterpolation.Rd:42: Lost braces in \itemize; \value handles \item{}{} directly checkRd: (-1) CIARkalman.Rd:38: Lost braces in \itemize; \value handles \item{}{} directly checkRd: (-1) CIARkalman.Rd:39: Lost braces in \itemize; \value handles \item{}{} directly checkRd: (-1) CIARkalman.Rd:40: Lost braces in \itemize; \value handles \item{}{} directly checkRd: (-1) CIARsample.Rd:25: Lost braces in \itemize; \value handles \item{}{} directly checkRd: (-1) CIARsample.Rd:26: Lost braces in \itemize; \value handles \item{}{} directly checkRd: (-1) CIARsample.Rd:27: Lost braces in \itemize; \value handles \item{}{} directly checkRd: (-1) Forecast_iARModels.Rd:41: Lost braces in \itemize; \value handles \item{}{} directly checkRd: (-1) Forecast_iARModels.Rd:42: Lost braces in \itemize; \value handles \item{}{} directly checkRd: (-1) Forecast_iARModels.Rd:43: Lost braces in \itemize; \value handles \item{}{} directly checkRd: (-1) Forecast_iARModels.Rd:44: Lost braces in \itemize; \value handles \item{}{} directly checkRd: (-1) Forecast_iARModels.Rd:45: Lost braces in \itemize; \value handles \item{}{} directly checkRd: (-1) IARPermutation.Rd:41: Lost braces in \itemize; \value handles \item{}{} directly checkRd: (-1) IARPermutation.Rd:42: Lost braces in \itemize; \value handles \item{}{} directly checkRd: (-1) IARPermutation.Rd:43: Lost braces in \itemize; \value handles \item{}{} directly checkRd: (-1) IARPermutation.Rd:44: Lost braces in \itemize; \value handles \item{}{} directly checkRd: (-1) IARPermutation.Rd:45: Lost braces in \itemize; \value handles \item{}{} directly checkRd: (-1) IARTest.Rd:41: Lost braces in \itemize; \value handles \item{}{} directly checkRd: (-1) IARTest.Rd:42: Lost braces in \itemize; \value handles \item{}{} directly checkRd: (-1) IARTest.Rd:43: Lost braces in \itemize; \value handles \item{}{} directly checkRd: (-1) IARTest.Rd:44: Lost braces in \itemize; \value handles \item{}{} directly checkRd: (-1) IARTest.Rd:45: Lost braces in \itemize; \value handles \item{}{} directly checkRd: (-1) IARgamma.Rd:17: Lost braces in \itemize; \value handles \item{}{} directly checkRd: (-1) IARgamma.Rd:18: Lost braces in \itemize; \value handles \item{}{} directly checkRd: (-1) IARgamma.Rd:19: Lost braces in \itemize; \value handles \item{}{} directly checkRd: (-1) IARgamma.Rd:20: Lost braces in \itemize; \value handles \item{}{} directly checkRd: (-1) IARginterpolation.Rd:21: Lost braces in \itemize; \value handles \item{}{} directly checkRd: (-1) IARginterpolation.Rd:22: Lost braces in \itemize; \value handles \item{}{} directly checkRd: (-1) IARgsample.Rd:23: Lost braces in \itemize; \value handles \item{}{} directly checkRd: (-1) IARgsample.Rd:24: Lost braces in \itemize; \value handles \item{}{} directly checkRd: (-1) IARinterpolation.Rd:35: Lost braces in \itemize; \value handles \item{}{} directly checkRd: (-1) IARinterpolation.Rd:36: Lost braces in \itemize; \value handles \item{}{} directly checkRd: (-1) IARkalman.Rd:23: Lost braces in \itemize; \value handles \item{}{} directly checkRd: (-1) IARkalman.Rd:24: Lost braces in \itemize; \value handles \item{}{} directly checkRd: (-1) IARloglik.Rd:23: Lost braces in \itemize; \value handles \item{}{} directly checkRd: (-1) IARloglik.Rd:24: Lost braces in \itemize; \value handles \item{}{} directly checkRd: (-1) IARsample.Rd:19: Lost braces in \itemize; \value handles \item{}{} directly checkRd: (-1) IARsample.Rd:20: Lost braces in \itemize; \value handles \item{}{} directly checkRd: (-1) IARt.Rd:19: Lost braces in \itemize; \value handles \item{}{} directly checkRd: (-1) IARt.Rd:20: Lost braces in \itemize; \value handles \item{}{} directly checkRd: (-1) IARt.Rd:21: Lost braces in \itemize; \value handles \item{}{} directly checkRd: (-1) IARtinterpolation.Rd:23: Lost braces in \itemize; \value handles \item{}{} directly checkRd: (-1) IARtinterpolation.Rd:24: Lost braces in \itemize; \value handles \item{}{} directly checkRd: (-1) IARtsample.Rd:23: Lost braces in \itemize; \value handles \item{}{} directly checkRd: (-1) IARtsample.Rd:24: Lost braces in \itemize; \value handles \item{}{} directly checkRd: (-1) harmonicfit.Rd:32: Lost braces in \itemize; \value handles \item{}{} directly checkRd: (-1) harmonicfit.Rd:33: Lost braces in \itemize; \value handles \item{}{} directly checkRd: (-1) harmonicfit.Rd:34: Lost braces in \itemize; \value handles \item{}{} directly checkRd: (-1) harmonicfit.Rd:35: Lost braces in \itemize; \value handles \item{}{} directly checkRd: (-1) harmonicfit.Rd:36: Lost braces in \itemize; \value handles \item{}{} directly checkRd: (-1) pairingits.Rd:19: Lost braces in \itemize; \value handles \item{}{} directly checkRd: (-1) pairingits.Rd:20: Lost braces in \itemize; \value handles \item{}{} directly Flavors: r-devel-linux-x86_64-debian-clang, r-devel-linux-x86_64-debian-gcc

Version: 1.2.0
Check: installed package size
Result: NOTE installed size is 7.5Mb sub-directories of 1Mb or more: libs 7.2Mb Flavors: r-release-macos-arm64, r-release-macos-x86_64, r-oldrel-macos-arm64