Last updated on 2022-05-28 21:50:42 CEST.
Flavor | Version | Tinstall | Tcheck | Ttotal | Status | Flags |
---|---|---|---|---|---|---|
r-devel-linux-x86_64-debian-clang | 1.3.1 | 338.99 | 83.88 | 422.87 | OK | |
r-devel-linux-x86_64-debian-gcc | 1.3.1 | 265.29 | 64.85 | 330.14 | OK | |
r-devel-linux-x86_64-fedora-clang | 1.3.1 | 673.33 | NOTE | |||
r-devel-linux-x86_64-fedora-gcc | 1.3.1 | 535.75 | NOTE | |||
r-devel-windows-x86_64 | 1.3.1 | 251.00 | 121.00 | 372.00 | OK | |
r-patched-linux-x86_64 | 1.3.1 | 270.92 | 79.86 | 350.78 | OK | |
r-release-linux-x86_64 | 1.3.1 | 273.36 | 80.99 | 354.35 | OK | |
r-release-macos-arm64 | 1.3.1 | 116.00 | NOTE | |||
r-release-macos-x86_64 | 1.3.1 | 152.00 | NOTE | |||
r-release-windows-x86_64 | 1.3.1 | 249.00 | 120.00 | 369.00 | OK | |
r-oldrel-macos-arm64 | 1.3.1 | 121.00 | NOTE | |||
r-oldrel-macos-x86_64 | 1.3.1 | 242.00 | NOTE | |||
r-oldrel-windows-ix86+x86_64 | 1.3.1 | 827.00 | 141.00 | 968.00 | NOTE |
Version: 1.3.1
Check: installed package size
Result: NOTE
installed size is 7.4Mb
sub-directories of 1Mb or more:
data 3.0Mb
libs 4.2Mb
Flavors: r-devel-linux-x86_64-fedora-clang, r-release-macos-arm64, r-release-macos-x86_64, r-oldrel-macos-arm64, r-oldrel-macos-x86_64, r-oldrel-windows-ix86+x86_64
Version: 1.3.1
Check: compiled code
Result: NOTE
File ‘iBATCGH/libs/iBATCGH.so’:
Found no calls to: ‘R_registerRoutines’, ‘R_useDynamicSymbols’
It is good practice to register native routines and to disable symbol
search.
See ‘Writing portable packages’ in the ‘Writing R Extensions’ manual.
Flavors: r-devel-linux-x86_64-fedora-clang, r-devel-linux-x86_64-fedora-gcc