CRAN Package Check Results for Package iCiteR

Last updated on 2021-12-02 20:51:31 CET.

Flavor Version Tinstall Tcheck Ttotal Status Flags
r-devel-linux-x86_64-debian-clang 0.2.1 2.10 26.63 28.73 NOTE
r-devel-linux-x86_64-debian-gcc 0.2.1 1.67 22.89 24.56 NOTE
r-devel-linux-x86_64-fedora-clang 0.2.1 48.36 NOTE
r-devel-linux-x86_64-fedora-gcc 0.2.1 37.49 NOTE
r-devel-windows-x86_64-new-UL 0.2.1 8.00 79.00 87.00 NOTE
r-devel-windows-x86_64-new-TK 0.2.1 NOTE
r-devel-windows-x86_64-old 0.2.1 4.00 48.00 52.00 NOTE
r-patched-linux-x86_64 0.2.1 2.21 26.59 28.80 NOTE
r-patched-solaris-x86 0.2.1 55.40 NOTE
r-release-linux-x86_64 0.2.1 2.28 26.92 29.20 NOTE
r-release-macos-arm64 0.2.1 NOTE
r-release-macos-x86_64 0.2.1 NOTE
r-release-windows-ix86+x86_64 0.2.1 7.00 67.00 74.00 NOTE
r-oldrel-macos-x86_64 0.2.1 OK
r-oldrel-windows-ix86+x86_64 0.2.1 6.00 60.00 66.00 OK

Check Details

Version: 0.2.1
Check: LazyData
Result: NOTE
     'LazyData' is specified without a 'data' directory
Flavors: r-devel-linux-x86_64-debian-clang, r-devel-linux-x86_64-debian-gcc, r-devel-linux-x86_64-fedora-clang, r-devel-linux-x86_64-fedora-gcc, r-devel-windows-x86_64-new-UL, r-devel-windows-x86_64-new-TK, r-devel-windows-x86_64-old, r-patched-linux-x86_64, r-patched-solaris-x86, r-release-linux-x86_64, r-release-macos-arm64, r-release-macos-x86_64, r-release-windows-ix86+x86_64