CRAN Package Check Results for Package ib

Last updated on 2021-11-28 19:48:54 CET.

Flavor Version Tinstall Tcheck Ttotal Status Flags
r-devel-linux-x86_64-debian-clang 0.1.0 NOTE
r-devel-linux-x86_64-debian-gcc 0.1.0 12.48 75.80 88.28 NOTE
r-devel-linux-x86_64-fedora-clang 0.1.0 150.61 NOTE
r-devel-linux-x86_64-fedora-gcc 0.1.0 137.54 NOTE
r-devel-windows-x86_64-new-UL 0.1.0 32.00 133.00 165.00 NOTE
r-devel-windows-x86_64-new-TK 0.1.0 NOTE
r-devel-windows-x86_64-old 0.1.0 20.00 125.00 145.00 NOTE
r-patched-linux-x86_64 0.1.0 15.08 97.39 112.47 NOTE
r-patched-solaris-x86 0.1.0 200.00 NOTE
r-release-linux-x86_64 0.1.0 14.96 98.70 113.66 NOTE
r-release-macos-arm64 0.1.0 NOTE
r-release-macos-x86_64 0.1.0 NOTE
r-release-windows-ix86+x86_64 0.1.0 34.00 87.00 121.00 NOTE
r-oldrel-macos-x86_64 0.1.0 OK
r-oldrel-windows-ix86+x86_64 0.1.0 24.00 122.00 146.00 OK

Check Details

Version: 0.1.0
Check: LazyData
Result: NOTE
     'LazyData' is specified without a 'data' directory
Flavors: r-devel-linux-x86_64-debian-clang, r-devel-linux-x86_64-debian-gcc, r-devel-linux-x86_64-fedora-clang, r-devel-linux-x86_64-fedora-gcc, r-devel-windows-x86_64-new-UL, r-devel-windows-x86_64-new-TK, r-devel-windows-x86_64-old, r-patched-linux-x86_64, r-patched-solaris-x86, r-release-linux-x86_64, r-release-macos-arm64, r-release-macos-x86_64, r-release-windows-ix86+x86_64