CRAN Package Check Results for Package ibawds

Last updated on 2024-03-01 19:49:01 CET.

Flavor Version Tinstall Tcheck Ttotal Status Flags
r-devel-linux-x86_64-debian-clang 0.5.0 4.35 54.02 58.37 OK
r-devel-linux-x86_64-debian-gcc 0.5.0 3.28 40.77 44.05 OK
r-devel-linux-x86_64-fedora-clang 0.5.0 75.06 NOTE
r-devel-linux-x86_64-fedora-gcc 0.5.0 68.42 NOTE
r-devel-windows-x86_64 0.5.0 5.00 107.00 112.00 OK
r-patched-linux-x86_64 0.5.0 3.47 51.61 55.08 OK
r-release-linux-x86_64 0.5.0 4.47 52.06 56.53 OK
r-release-macos-arm64 0.5.0 28.00 OK
r-release-macos-x86_64 0.5.0 40.00 OK
r-release-windows-x86_64 0.5.0 6.00 115.00 121.00 OK
r-oldrel-macos-arm64 0.5.0 24.00 NOTE
r-oldrel-windows-x86_64 0.5.0 7.00 119.00 126.00 OK

Check Details

Version: 0.5.0
Check: data for non-ASCII characters
Result: NOTE Note: found 1 marked UTF-8 string Flavors: r-devel-linux-x86_64-fedora-clang, r-devel-linux-x86_64-fedora-gcc, r-oldrel-macos-arm64