CRAN Package Check Results for Package ibmAcousticR

Last updated on 2023-02-07 19:58:12 CET.

Flavor Version Tinstall Tcheck Ttotal Status Flags
r-devel-linux-x86_64-debian-clang 0.2.1 3.11 31.59 34.70 NOTE
r-devel-linux-x86_64-debian-gcc 0.2.1 2.59 24.74 27.33 NOTE
r-devel-linux-x86_64-fedora-clang 0.2.1 42.47 NOTE
r-devel-linux-x86_64-fedora-gcc 0.2.1 41.51 NOTE
r-devel-windows-x86_64 0.2.1 18.00 57.00 75.00 NOTE
r-patched-linux-x86_64 0.2.1 3.20 30.87 34.07 NOTE
r-release-linux-x86_64 0.2.1 3.02 30.15 33.17 NOTE
r-release-macos-arm64 0.2.1 19.00 NOTE
r-release-macos-x86_64 0.2.1 24.00 NOTE
r-release-windows-x86_64 0.2.1 18.00 62.00 80.00 NOTE
r-oldrel-macos-arm64 0.2.1 20.00 NOTE
r-oldrel-macos-x86_64 0.2.1 30.00 NOTE
r-oldrel-windows-ix86+x86_64 0.2.1 8.00 53.00 61.00 NOTE

Check Details

Version: 0.2.1
Check: LazyData
Result: NOTE
     'LazyData' is specified without a 'data' directory
Flavors: r-devel-linux-x86_64-debian-clang, r-devel-linux-x86_64-debian-gcc, r-devel-linux-x86_64-fedora-clang, r-devel-linux-x86_64-fedora-gcc, r-devel-windows-x86_64, r-patched-linux-x86_64, r-release-linux-x86_64, r-release-macos-arm64, r-release-macos-x86_64, r-release-windows-x86_64, r-oldrel-macos-arm64, r-oldrel-macos-x86_64, r-oldrel-windows-ix86+x86_64