CRAN Package Check Results for Package ibr

Last updated on 2024-04-13 21:41:39 CEST.

Flavor Version Tinstall Tcheck Ttotal Status Flags
r-devel-linux-x86_64-debian-clang 2.0-4 13.22 97.56 110.78 NOTE
r-devel-linux-x86_64-debian-gcc 2.0-4 12.24 73.17 85.41 NOTE
r-devel-linux-x86_64-fedora-clang 2.0-4 139.59 NOTE
r-devel-linux-x86_64-fedora-gcc 2.0-4 134.83 NOTE
r-devel-windows-x86_64 2.0-4 16.00 97.00 113.00 NOTE
r-patched-linux-x86_64 2.0-4 15.06 92.65 107.71 NOTE
r-release-linux-x86_64 2.0-4 14.05 95.27 109.32 OK
r-release-macos-arm64 2.0-4 50.00 OK
r-release-macos-x86_64 2.0-4 79.00 OK
r-release-windows-x86_64 2.0-4 21.00 112.00 133.00 OK
r-oldrel-macos-arm64 2.0-4 43.00 OK
r-oldrel-windows-x86_64 2.0-4 19.00 110.00 129.00 OK

Check Details

Version: 2.0-4
Check: Rd files
Result: NOTE checkRd: (-1) betaS1lr.Rd:28: Lost braces; missing escapes or markup? 28 | \item{Rm1U}{matrix R^{-1}U (see reference).} | ^ checkRd: (-1) lrsmoother.Rd:32: Lost braces; missing escapes or markup? 32 | R^{-1}U (see reference) and \link{smoothCon} for the definition of smoothobject} | ^ Flavors: r-devel-linux-x86_64-debian-clang, r-devel-linux-x86_64-debian-gcc, r-devel-linux-x86_64-fedora-clang, r-devel-linux-x86_64-fedora-gcc, r-devel-windows-x86_64, r-patched-linux-x86_64