CRAN Package Check Results for Package icenReg

Last updated on 2022-12-05 19:51:32 CET.

Flavor Version Tinstall Tcheck Ttotal Status Flags
r-devel-linux-x86_64-debian-clang 2.0.15 71.18 181.82 253.00 OK
r-devel-linux-x86_64-debian-gcc 2.0.15 61.82 132.98 194.80 OK
r-devel-linux-x86_64-fedora-clang 2.0.15 330.48 OK
r-devel-linux-x86_64-fedora-gcc 2.0.15 341.70 OK
r-devel-windows-x86_64 2.0.15 95.00 331.00 426.00 OK
r-patched-linux-x86_64 2.0.15 64.23 178.01 242.24 OK
r-release-linux-x86_64 2.0.15 63.73 174.64 238.37 OK
r-release-macos-arm64 2.0.15 114.00 NOTE
r-release-macos-x86_64 2.0.15 146.00 NOTE
r-release-windows-x86_64 2.0.15 99.00 330.00 429.00 OK
r-oldrel-macos-arm64 2.0.15 126.00 NOTE
r-oldrel-macos-x86_64 2.0.15 218.00 NOTE
r-oldrel-windows-ix86+x86_64 2.0.15 149.00 362.00 511.00 OK

Check Details

Version: 2.0.15
Check: installed package size
Result: NOTE
     installed size is 16.4Mb
     sub-directories of 1Mb or more:
     libs 15.0Mb
Flavors: r-release-macos-arm64, r-release-macos-x86_64, r-oldrel-macos-arm64, r-oldrel-macos-x86_64