Last updated on 2023-02-06 19:54:25 CET.
Flavor | Version | Tinstall | Tcheck | Ttotal | Status | Flags |
---|---|---|---|---|---|---|
r-devel-linux-x86_64-debian-clang | 0.10.1 | 59.66 | 255.78 | 315.44 | OK | |
r-devel-linux-x86_64-debian-gcc | 0.10.1 | 43.24 | 194.04 | 237.28 | OK | |
r-devel-linux-x86_64-fedora-clang | 0.10.1 | 408.41 | OK | |||
r-devel-linux-x86_64-fedora-gcc | 0.10.1 | 559.80 | NOTE | |||
r-devel-windows-x86_64 | 0.10.1 | 84.00 | 181.00 | 265.00 | OK | --no-vignettes |
r-patched-linux-x86_64 | 0.10.1 | 49.86 | 212.50 | 262.36 | OK | |
r-release-linux-x86_64 | 0.10.1 | 41.72 | 224.90 | 266.62 | OK | |
r-release-macos-arm64 | 0.10.1 | 175.00 | WARN | |||
r-release-macos-x86_64 | 0.10.1 | 218.00 | WARN | |||
r-release-windows-x86_64 | 0.10.1 | 95.00 | 171.00 | 266.00 | OK | --no-vignettes |
r-oldrel-macos-arm64 | 0.10.1 | 111.00 | OK | |||
r-oldrel-macos-x86_64 | 0.10.1 | 200.00 | OK | |||
r-oldrel-windows-ix86+x86_64 | 0.10.1 | 119.00 | 183.00 | 302.00 | OK | --no-vignettes |
Version: 0.10.1
Check: for detritus in the temp directory
Result: NOTE
Found the following files/directories:
‘Crashpad’
Flavor: r-devel-linux-x86_64-fedora-gcc
Version: 0.10.1
Check: for missing documentation entries
Result: WARN
Undocumented S4 methods:
generic 'values<-' and siglist 'gridlayer,ANY'
All user-level objects in a package (including S4 classes and methods)
should have documentation entries.
See chapter ‘Writing R documentation files’ in the ‘Writing R
Extensions’ manual.
Flavors: r-release-macos-arm64, r-release-macos-x86_64