CRAN Package Check Results for Package idefix

Last updated on 2021-11-30 19:51:25 CET.

Flavor Version Tinstall Tcheck Ttotal Status Flags
r-devel-linux-x86_64-debian-clang 1.0.1 42.03 63.48 105.51 OK
r-devel-linux-x86_64-debian-gcc 1.0.1 32.52 48.31 80.83 OK
r-devel-linux-x86_64-fedora-clang 1.0.1 156.68 NOTE
r-devel-linux-x86_64-fedora-gcc 1.0.1 138.88 OK
r-devel-windows-x86_64-new-UL 1.0.1 66.00 131.00 197.00 OK
r-devel-windows-x86_64-new-TK 1.0.1 OK
r-devel-windows-x86_64-old 1.0.1 61.00 80.00 141.00 OK
r-patched-linux-x86_64 1.0.1 39.92 60.58 100.50 OK
r-patched-solaris-x86 1.0.1 158.50 OK
r-release-linux-x86_64 1.0.1 36.48 60.26 96.74 OK
r-release-macos-arm64 1.0.1 OK
r-release-macos-x86_64 1.0.1 OK
r-release-windows-ix86+x86_64 1.0.1 109.00 101.00 210.00 OK
r-oldrel-macos-x86_64 1.0.1 OK
r-oldrel-windows-ix86+x86_64 1.0.1 83.00 130.00 213.00 OK

Check Details

Version: 1.0.1
Check: Rd cross-references
Result: NOTE
    Undeclared packages ‘bayesm’, ‘ChoiceModelR’, ‘RSGHB’ in Rd xrefs
Flavor: r-devel-linux-x86_64-fedora-clang