Last updated on 2023-02-04 19:58:13 CET.
Flavor | Version | Tinstall | Tcheck | Ttotal | Status | Flags |
---|---|---|---|---|---|---|
r-devel-linux-x86_64-debian-clang | 5.1 | 112.35 | 191.50 | 303.85 | NOTE | |
r-devel-linux-x86_64-debian-gcc | 5.1 | 109.09 | 144.78 | 253.87 | NOTE | |
r-devel-linux-x86_64-fedora-clang | 5.1 | 386.85 | NOTE | |||
r-devel-linux-x86_64-fedora-gcc | 5.1 | 429.86 | NOTE | |||
r-devel-windows-x86_64 | 5.1 | 109.00 | 245.00 | 354.00 | NOTE | |
r-patched-linux-x86_64 | 5.1 | 110.02 | 174.19 | 284.21 | NOTE | |
r-release-linux-x86_64 | 5.1 | 92.82 | 184.43 | 277.25 | NOTE | |
r-release-macos-arm64 | 5.1 | 106.00 | NOTE | |||
r-release-macos-x86_64 | 5.1 | 232.00 | NOTE | |||
r-release-windows-x86_64 | 5.1 | 111.00 | 261.00 | 372.00 | NOTE | |
r-oldrel-macos-arm64 | 5.1 | 150.00 | NOTE | |||
r-oldrel-macos-x86_64 | 5.1 | 224.00 | NOTE | |||
r-oldrel-windows-ix86+x86_64 | 5.1 | 269.00 | 302.00 | 571.00 | NOTE |
Version: 5.1
Check: C++ specification
Result: NOTE
Specified C++14: please update to current default of C++17
Flavors: r-devel-linux-x86_64-debian-clang, r-devel-linux-x86_64-debian-gcc, r-devel-linux-x86_64-fedora-clang, r-devel-linux-x86_64-fedora-gcc, r-devel-windows-x86_64
Version: 5.1
Check: for GNU extensions in Makefiles
Result: NOTE
GNU make is a SystemRequirements.
Flavors: r-devel-linux-x86_64-debian-clang, r-devel-linux-x86_64-debian-gcc, r-devel-linux-x86_64-fedora-clang, r-devel-linux-x86_64-fedora-gcc, r-devel-windows-x86_64, r-patched-linux-x86_64, r-release-linux-x86_64, r-release-macos-arm64, r-release-macos-x86_64, r-release-windows-x86_64, r-oldrel-macos-arm64, r-oldrel-macos-x86_64, r-oldrel-windows-ix86+x86_64
Version: 5.1
Check: installed package size
Result: NOTE
installed size is 32.4Mb
sub-directories of 1Mb or more:
doc 1.2Mb
libs 30.6Mb
Flavors: r-release-macos-arm64, r-release-macos-x86_64, r-oldrel-macos-arm64, r-oldrel-macos-x86_64, r-oldrel-windows-ix86+x86_64