CRAN Package Check Results for Package idiogramFISH

Last updated on 2022-01-26 19:50:35 CET.

Flavor Version Tinstall Tcheck Ttotal Status Flags
r-devel-linux-x86_64-debian-clang 2.0.8 35.14 155.51 190.65 OK
r-devel-linux-x86_64-debian-gcc 2.0.8 32.61 114.75 147.36 OK
r-devel-linux-x86_64-fedora-clang 2.0.8 228.79 OK
r-devel-linux-x86_64-fedora-gcc 2.0.8 218.79 OK
r-devel-windows-x86_64-new-UL 2.0.8 600.00 178.00 778.00 OK
r-devel-windows-x86_64-new-TK 2.0.8 NOTE
r-patched-linux-x86_64 2.0.8 35.74 149.05 184.79 OK
r-release-linux-x86_64 2.0.8 30.20 150.00 180.20 OK
r-release-macos-arm64 2.0.8 OK
r-release-macos-x86_64 2.0.8 OK
r-release-windows-ix86+x86_64 2.0.8 59.00 161.00 220.00 OK
r-oldrel-macos-x86_64 2.0.8 NOTE
r-oldrel-windows-ix86+x86_64 2.0.8 59.00 160.00 219.00 OK

Check Details

Version: 2.0.8
Check: package dependencies
Result: NOTE
    Package suggested but not available for checking: 'ggpubr'
Flavor: r-devel-windows-x86_64-new-TK

Version: 2.0.8
Check: package dependencies
Result: NOTE
    Packages suggested but not available for checking: 'ggtree', 'treeio'
Flavor: r-oldrel-macos-x86_64