CRAN Package Check Results for Package iemisctext

Last updated on 2023-06-06 22:07:49 CEST.

Flavor Version Tinstall Tcheck Ttotal Status Flags
r-devel-linux-x86_64-debian-clang 0.9.99 2.39 29.56 31.95 OK
r-devel-linux-x86_64-debian-gcc 0.9.99 1.75 23.48 25.23 OK
r-devel-linux-x86_64-fedora-clang 0.9.99 40.80 NOTE
r-devel-linux-x86_64-fedora-gcc 0.9.99 50.62 NOTE
r-devel-windows-x86_64 0.9.99 3.00 50.00 53.00 OK
r-patched-linux-x86_64 0.9.99 2.64 28.65 31.29 OK
r-release-linux-x86_64 0.9.99 1.81 29.12 30.93 OK
r-release-macos-arm64 0.9.99 26.00 OK
r-release-macos-x86_64 0.9.99 35.00 OK
r-release-windows-x86_64 0.9.99 3.00 51.00 54.00 OK
r-oldrel-macos-arm64 0.9.99 21.00 OK
r-oldrel-macos-x86_64 0.9.99 28.00 NOTE
r-oldrel-windows-x86_64 0.9.99 4.00 51.00 55.00 OK

Check Details

Version: 0.9.99
Check: data for non-ASCII characters
Result: NOTE
     Note: found 40 marked UTF-8 strings
Flavors: r-devel-linux-x86_64-fedora-clang, r-devel-linux-x86_64-fedora-gcc, r-oldrel-macos-x86_64