Last updated on 2022-05-26 21:50:08 CEST.
Flavor | Version | Tinstall | Tcheck | Ttotal | Status | Flags |
---|---|---|---|---|---|---|
r-devel-linux-x86_64-debian-clang | 0.9.99 | 1.75 | 38.40 | 40.15 | OK | |
r-devel-linux-x86_64-debian-gcc | 0.9.99 | 1.66 | 32.30 | 33.96 | OK | |
r-devel-linux-x86_64-fedora-clang | 0.9.99 | 50.71 | NOTE | |||
r-devel-linux-x86_64-fedora-gcc | 0.9.99 | 47.19 | NOTE | |||
r-devel-windows-x86_64 | 0.9.99 | 131.00 | 64.00 | 195.00 | OK | |
r-patched-linux-x86_64 | 0.9.99 | 2.24 | 36.85 | 39.09 | OK | |
r-release-linux-x86_64 | 0.9.99 | 2.22 | 37.28 | 39.50 | OK | |
r-release-macos-arm64 | 0.9.99 | 19.00 | NOTE | |||
r-release-macos-x86_64 | 0.9.99 | 28.00 | NOTE | |||
r-release-windows-x86_64 | 0.9.99 | 49.00 | 67.00 | 116.00 | OK | |
r-oldrel-macos-arm64 | 0.9.99 | 20.00 | NOTE | |||
r-oldrel-macos-x86_64 | 0.9.99 | 34.00 | NOTE | |||
r-oldrel-windows-ix86+x86_64 | 0.9.99 | 5.00 | 55.00 | 60.00 | OK |
Version: 0.9.99
Check: data for non-ASCII characters
Result: NOTE
Note: found 40 marked UTF-8 strings
Flavors: r-devel-linux-x86_64-fedora-clang, r-devel-linux-x86_64-fedora-gcc, r-release-macos-arm64, r-release-macos-x86_64, r-oldrel-macos-arm64, r-oldrel-macos-x86_64