CRAN Package Check Results for Package imabc

Last updated on 2024-02-26 19:50:11 CET.

Flavor Version Tinstall Tcheck Ttotal Status Flags
r-devel-linux-x86_64-debian-clang 1.0.0 7.66 48.11 55.77 NOTE
r-devel-linux-x86_64-debian-gcc 1.0.0 5.56 35.81 41.37 NOTE
r-devel-linux-x86_64-fedora-clang 1.0.0 67.89 NOTE
r-devel-linux-x86_64-fedora-gcc 1.0.0 64.11 OK
r-devel-windows-x86_64 1.0.0 7.00 59.00 66.00 OK
r-patched-linux-x86_64 1.0.0 7.63 46.74 54.37 OK
r-release-linux-x86_64 1.0.0 5.93 47.23 53.16 OK
r-release-macos-arm64 1.0.0 24.00 OK
r-release-macos-x86_64 1.0.0 34.00 OK
r-release-windows-x86_64 1.0.0 8.00 64.00 72.00 OK
r-oldrel-macos-arm64 1.0.0 23.00 OK
r-oldrel-windows-x86_64 1.0.0 8.00 65.00 73.00 OK

Check Details

Version: 1.0.0
Check: Rd files
Result: NOTE checkRd: (-1) define_target_function.Rd:41: Lost braces; missing escapes or markup? 41 | be done either as a single vector of values (e.g. `function(x) { ... }`), or individual inputs for each parameter | ^ checkRd: (-1) define_target_function.Rd:42: Lost braces; missing escapes or markup? 42 | (e.g. `function(x1, x2) { ... }`). If a single vector is used, all parameters will be passed to the target function as | ^ Flavors: r-devel-linux-x86_64-debian-clang, r-devel-linux-x86_64-debian-gcc, r-devel-linux-x86_64-fedora-clang