Last updated on 2023-12-08 19:51:39 CET.
Flavor | Version | Tinstall | Tcheck | Ttotal | Status | Flags |
---|---|---|---|---|---|---|
r-devel-linux-x86_64-debian-clang | 0.1.1 | 19.82 | 59.52 | 79.34 | NOTE | |
r-devel-linux-x86_64-debian-gcc | 0.1.1 | 13.75 | 45.29 | 59.04 | NOTE | |
r-devel-linux-x86_64-fedora-clang | 0.1.1 | 109.96 | OK | |||
r-devel-linux-x86_64-fedora-gcc | 0.1.1 | 104.54 | OK | |||
r-devel-windows-x86_64 | 0.1.1 | 19.00 | 87.00 | 106.00 | OK | |
r-patched-linux-x86_64 | 0.1.1 | 17.40 | 59.30 | 76.70 | OK | |
r-release-linux-x86_64 | 0.1.1 | 16.61 | 58.63 | 75.24 | OK | |
r-release-macos-arm64 | 0.1.1 | 33.00 | OK | |||
r-release-macos-x86_64 | 0.1.1 | 54.00 | OK | |||
r-release-windows-x86_64 | 0.1.1 | 24.00 | 98.00 | 122.00 | OK | |
r-oldrel-macos-arm64 | 0.1.1 | 33.00 | OK | |||
r-oldrel-macos-x86_64 | 0.1.1 | 43.00 | OK | |||
r-oldrel-windows-x86_64 | 0.1.1 | 22.00 | 95.00 | 117.00 | OK |
Version: 0.1.1
Check: Rd files
Result: NOTE
checkRd: (-1) image_contour_detector.Rd:19: Lost braces in \itemize; \value handles \item{}{} directly
checkRd: (-1) image_contour_detector.Rd:20: Lost braces in \itemize; \value handles \item{}{} directly
checkRd: (-1) image_contour_detector.Rd:21: Lost braces in \itemize; \value handles \item{}{} directly
Flavors: r-devel-linux-x86_64-debian-clang, r-devel-linux-x86_64-debian-gcc