CRAN Package Check Results for Package imageseg

Last updated on 2024-03-04 19:54:14 CET.

Flavor Version Tinstall Tcheck Ttotal Status Flags
r-devel-linux-x86_64-debian-clang 0.5.0 9.44 117.12 126.56 NOTE
r-devel-linux-x86_64-debian-gcc 0.5.0 11.12 89.02 100.14 NOTE
r-devel-linux-x86_64-fedora-clang 0.5.0 169.70 NOTE
r-devel-linux-x86_64-fedora-gcc 0.5.0 165.18 NOTE
r-devel-windows-x86_64 0.5.0 12.00 104.00 116.00 NOTE
r-patched-linux-x86_64 0.5.0 11.77 114.70 126.47 OK
r-release-linux-x86_64 0.5.0 12.12 114.51 126.63 OK
r-release-macos-arm64 0.5.0 59.00 OK
r-release-macos-x86_64 0.5.0 92.00 OK
r-release-windows-x86_64 0.5.0 14.00 119.00 133.00 OK
r-oldrel-macos-arm64 0.5.0 52.00 OK
r-oldrel-windows-x86_64 0.5.0 16.00 123.00 139.00 OK

Check Details

Version: 0.5.0
Check: Rd files
Result: NOTE checkRd: (-1) imagesToKerasInput.Rd:23: Lost braces 23 | \item{grayscale}{logical. Defines color channels of images: 1 if code{TRUE}, 3 if \code{FALSE}.} | ^ Flavors: r-devel-linux-x86_64-debian-clang, r-devel-linux-x86_64-debian-gcc, r-devel-linux-x86_64-fedora-clang, r-devel-linux-x86_64-fedora-gcc, r-devel-windows-x86_64