CRAN Package Check Results for Package imgrec

Last updated on 2024-06-18 21:48:22 CEST.

Flavor Version Tinstall Tcheck Ttotal Status Flags
r-devel-linux-x86_64-debian-clang 0.1.3 3.62 49.17 52.79 OK
r-devel-linux-x86_64-debian-gcc 0.1.3 3.80 37.76 41.56 OK
r-devel-linux-x86_64-fedora-clang 0.1.3 70.41 NOTE
r-devel-linux-x86_64-fedora-gcc 0.1.3 79.50 NOTE
r-devel-windows-x86_64 0.1.3 6.00 57.00 63.00 OK
r-patched-linux-x86_64 0.1.3 4.91 47.04 51.95 OK
r-release-linux-x86_64 0.1.3 4.99 47.72 52.71 OK
r-release-macos-arm64 0.1.3 31.00 OK
r-release-macos-x86_64 0.1.3 48.00 OK
r-release-windows-x86_64 0.1.3 7.00 58.00 65.00 OK
r-oldrel-macos-arm64 0.1.3 33.00 OK
r-oldrel-macos-x86_64 0.1.3 48.00 OK
r-oldrel-windows-x86_64 0.1.3 7.00 62.00 69.00 OK

Check Details

Version: 0.1.3
Check: dependencies in R code
Result: NOTE Namespace in Imports field not imported from: ‘knitr’ All declared Imports should be used. Flavors: r-devel-linux-x86_64-fedora-clang, r-devel-linux-x86_64-fedora-gcc