CRAN Package Check Results for Package infotheo

Last updated on 2024-04-20 21:56:06 CEST.

Flavor Version Tinstall Tcheck Ttotal Status Flags
r-devel-linux-x86_64-debian-clang 1.2.0.1 7.26 22.82 30.08 OK
r-devel-linux-x86_64-debian-gcc 1.2.0.1 4.86 17.47 22.33 OK
r-devel-linux-x86_64-fedora-clang 1.2.0.1 40.11 NOTE
r-devel-linux-x86_64-fedora-gcc 1.2.0.1 36.14 NOTE
r-prerel-macos-arm64 1.2.0.1 17.00 OK
r-prerel-windows-x86_64 1.2.0.1 7.00 49.00 56.00 OK
r-patched-linux-x86_64 1.2.0.1 5.71 21.29 27.00 OK
r-release-linux-x86_64 1.2.0.1 5.96 21.36 27.32 OK
r-release-macos-arm64 1.2.0.1 18.00 OK
r-release-macos-x86_64 1.2.0.1 24.00 OK
r-release-windows-x86_64 1.2.0.1 8.00 64.00 72.00 OK
r-oldrel-macos-arm64 1.2.0.1 21.00 OK
r-oldrel-windows-x86_64 1.2.0.1 12.00 66.00 78.00 OK

Check Details

Version: 1.2.0.1
Check: compiled code
Result: NOTE File ‘infotheo/libs/infotheo.so’: Found no calls to: ‘R_registerRoutines’, ‘R_useDynamicSymbols’ It is good practice to register native routines and to disable symbol search. See ‘Writing portable packages’ in the ‘Writing R Extensions’ manual. Flavors: r-devel-linux-x86_64-fedora-clang, r-devel-linux-x86_64-fedora-gcc