CRAN Package Check Results for Package inlabru

Last updated on 2022-08-11 21:50:07 CEST.

Flavor Version Tinstall Tcheck Ttotal Status Flags
r-devel-linux-x86_64-debian-clang 2.5.2 22.03 209.99 232.02 NOTE
r-devel-linux-x86_64-debian-gcc 2.5.2 19.13 155.92 175.05 NOTE
r-devel-linux-x86_64-fedora-clang 2.5.2 389.65 OK
r-devel-linux-x86_64-fedora-gcc 2.5.2 387.78 OK
r-devel-windows-x86_64 2.5.2 109.00 245.00 354.00 NOTE
r-patched-linux-x86_64 2.5.2 23.54 183.93 207.47 NOTE
r-release-linux-x86_64 2.5.2 19.99 153.54 173.53 NOTE
r-release-macos-arm64 2.5.2 71.00 NOTE
r-release-macos-x86_64 2.5.2 98.00 NOTE
r-release-windows-x86_64 2.5.2 103.00 248.00 351.00 NOTE
r-oldrel-macos-arm64 2.5.2 71.00 NOTE
r-oldrel-macos-x86_64 2.5.2 101.00 NOTE
r-oldrel-windows-ix86+x86_64 2.5.2 41.00 266.00 307.00 WARN

Check Details

Version: 2.5.2
Check: package dependencies
Result: NOTE
    Package suggested but not available for checking: 'INLA'
Flavors: r-devel-linux-x86_64-debian-clang, r-devel-linux-x86_64-debian-gcc, r-devel-windows-x86_64, r-patched-linux-x86_64, r-release-linux-x86_64, r-release-macos-arm64, r-release-macos-x86_64, r-release-windows-x86_64, r-oldrel-macos-arm64, r-oldrel-macos-x86_64

Version: 2.5.2
Check: DESCRIPTION meta-information
Result: WARN
    Error: no more error handlers available (recursive errors?); invoking 'abort' restart
    Execution halted
Flavor: r-oldrel-windows-ix86+x86_64