Last updated on 2025-01-23 20:48:29 CET.
Flavor | Version | Tinstall | Tcheck | Ttotal | Status | Flags |
---|---|---|---|---|---|---|
r-devel-linux-x86_64-debian-clang | 1.2.7 | 52.51 | 246.13 | 298.64 | OK | |
r-devel-linux-x86_64-debian-gcc | 1.2.7 | 37.15 | 152.98 | 190.13 | OK | |
r-devel-linux-x86_64-fedora-clang | 1.2.7 | 508.88 | OK | |||
r-devel-linux-x86_64-fedora-gcc | 1.2.7 | 481.58 | OK | |||
r-devel-windows-x86_64 | 1.2.7 | 50.00 | 231.00 | 281.00 | OK | |
r-patched-linux-x86_64 | 1.2.7 | 53.04 | 233.96 | 287.00 | OK | |
r-release-linux-x86_64 | 1.2.7 | 54.70 | 225.41 | 280.11 | OK | |
r-release-macos-arm64 | 1.2.7 | 141.00 | NOTE | |||
r-release-macos-x86_64 | 1.2.7 | 248.00 | NOTE | |||
r-release-windows-x86_64 | 1.2.7 | 49.00 | 229.00 | 278.00 | NOTE | |
r-oldrel-macos-arm64 | 1.2.7 | 137.00 | NOTE | |||
r-oldrel-macos-x86_64 | 1.2.7 | 280.00 | NOTE | |||
r-oldrel-windows-x86_64 | 1.2.7 | 64.00 | 304.00 | 368.00 | NOTE |
Version: 1.2.7
Check: installed package size
Result: NOTE
installed size is 6.3Mb
sub-directories of 1Mb or more:
data 5.8Mb
Flavors: r-release-macos-arm64, r-release-macos-x86_64, r-release-windows-x86_64, r-oldrel-macos-arm64, r-oldrel-macos-x86_64, r-oldrel-windows-x86_64