CRAN Package Check Results for Package insight

Last updated on 2021-11-30 19:51:26 CET.

Flavor Version Tinstall Tcheck Ttotal Status Flags
r-devel-linux-x86_64-debian-clang 0.14.5 26.45 392.65 419.10 OK
r-devel-linux-x86_64-debian-gcc 0.14.5 20.05 284.06 304.11 OK
r-devel-linux-x86_64-fedora-clang 0.14.5 511.80 OK
r-devel-linux-x86_64-fedora-gcc 0.14.5 498.92 OK
r-devel-windows-x86_64-new-UL 0.14.5 82.00 511.00 593.00 OK
r-devel-windows-x86_64-new-TK 0.14.5 OK
r-devel-windows-x86_64-old 0.14.5 40.00 376.00 416.00 OK
r-patched-linux-x86_64 0.14.5 24.46 363.98 388.44 OK
r-patched-solaris-x86 0.14.5 271.00 NOTE
r-release-linux-x86_64 0.14.5 23.63 361.39 385.02 OK
r-release-macos-arm64 0.14.5 OK
r-release-macos-x86_64 0.14.5 OK
r-release-windows-ix86+x86_64 0.14.5 40.00 492.00 532.00 OK
r-oldrel-macos-x86_64 0.14.5 OK
r-oldrel-windows-ix86+x86_64 0.14.5 33.00 335.00 368.00 OK

Check Details

Version: 0.14.5
Check: package dependencies
Result: NOTE
    Package suggested but not available for checking: ‘glmmTMB’
Flavor: r-patched-solaris-x86