CRAN Package Check Results for Package intcensROC

Last updated on 2021-05-17 21:49:39 CEST.

Flavor Version Tinstall Tcheck Ttotal Status Flags
r-devel-linux-x86_64-debian-clang 0.1.2 63.56 40.92 104.48 OK
r-devel-linux-x86_64-debian-gcc 0.1.2 43.81 33.98 77.79 OK
r-devel-linux-x86_64-fedora-clang 0.1.2 148.83 NOTE
r-devel-linux-x86_64-fedora-gcc 0.1.2 129.99 OK
r-devel-windows-ix86+x86_64 0.1.2 141.00 93.00 234.00 OK
r-devel-windows-x86_64-gcc10-UCRT 0.1.2 OK
r-patched-linux-x86_64 0.1.2 50.27 42.13 92.40 OK
r-patched-solaris-x86 0.1.2 131.00 OK
r-release-linux-x86_64 0.1.2 48.70 41.24 89.94 OK
r-release-macos-x86_64 0.1.2 NOTE
r-release-windows-ix86+x86_64 0.1.2 100.00 76.00 176.00 OK
r-oldrel-macos-x86_64 0.1.2 NOTE
r-oldrel-windows-ix86+x86_64 0.1.2 86.00 75.00 161.00 OK

Check Details

Version: 0.1.2
Check: installed package size
Result: NOTE
     installed size is 10.3Mb
     sub-directories of 1Mb or more:
     libs 10.1Mb
Flavors: r-devel-linux-x86_64-fedora-clang, r-release-macos-x86_64, r-oldrel-macos-x86_64