Last updated on 2023-01-29 19:54:07 CET.
Flavor | Version | Tinstall | Tcheck | Ttotal | Status | Flags |
---|---|---|---|---|---|---|
r-devel-linux-x86_64-debian-clang | 0.1.6 | 35.47 | 333.99 | 369.46 | NOTE | |
r-devel-linux-x86_64-debian-gcc | 0.1.6 | 25.75 | 254.38 | 280.13 | NOTE | |
r-devel-linux-x86_64-fedora-clang | 0.1.6 | 490.18 | NOTE | |||
r-devel-linux-x86_64-fedora-gcc | 0.1.6 | 479.43 | NOTE | |||
r-devel-windows-x86_64 | 0.1.6 | 63.00 | 356.00 | 419.00 | NOTE | |
r-patched-linux-x86_64 | 0.1.6 | 29.69 | 328.71 | 358.40 | NOTE | |
r-release-linux-x86_64 | 0.1.6 | 31.24 | 338.91 | 370.15 | NOTE | |
r-release-macos-arm64 | 0.1.6 | 93.00 | NOTE | |||
r-release-macos-x86_64 | 0.1.6 | 166.00 | NOTE | |||
r-release-windows-x86_64 | 0.1.6 | 40.00 | 352.00 | 392.00 | NOTE | |
r-oldrel-macos-arm64 | 0.1.6 | 78.00 | NOTE | |||
r-oldrel-macos-x86_64 | 0.1.6 | 81.00 | NOTE | |||
r-oldrel-windows-ix86+x86_64 | 0.1.6 | 70.00 | 347.00 | 417.00 | NOTE |
Version: 0.1.6
Check: LazyData
Result: NOTE
'LazyData' is specified without a 'data' directory
Flavors: r-devel-linux-x86_64-debian-clang, r-devel-linux-x86_64-debian-gcc, r-devel-linux-x86_64-fedora-clang, r-devel-linux-x86_64-fedora-gcc, r-devel-windows-x86_64, r-patched-linux-x86_64, r-release-linux-x86_64, r-release-macos-arm64, r-release-macos-x86_64, r-release-windows-x86_64, r-oldrel-macos-arm64, r-oldrel-macos-x86_64, r-oldrel-windows-ix86+x86_64
Version: 0.1.6
Check: dependencies in R code
Result: NOTE
Namespace in Imports field not imported from: ‘grDevices’
All declared Imports should be used.
Flavors: r-devel-linux-x86_64-fedora-clang, r-devel-linux-x86_64-fedora-gcc, r-release-macos-arm64, r-release-macos-x86_64, r-oldrel-macos-arm64, r-oldrel-macos-x86_64