CRAN Package Check Results for Package interimApp

Last updated on 2022-01-20 19:50:57 CET.

Flavor Version Tinstall Tcheck Ttotal Status Flags
r-devel-linux-x86_64-debian-clang 0.0.1 NOTE
r-devel-linux-x86_64-debian-gcc 0.0.1 3.21 33.41 36.62 NOTE
r-devel-linux-x86_64-fedora-clang 0.0.1 57.33 NOTE
r-devel-linux-x86_64-fedora-gcc 0.0.1 45.57 NOTE
r-devel-windows-x86_64-new-UL 0.0.1 31.00 71.00 102.00 NOTE
r-devel-windows-x86_64-new-TK 0.0.1 NOTE
r-patched-linux-x86_64 0.0.1 2.82 41.36 44.18 NOTE
r-release-linux-x86_64 0.0.1 3.72 41.78 45.50 NOTE
r-release-macos-arm64 0.0.1 NOTE
r-release-macos-x86_64 0.0.1 NOTE
r-release-windows-ix86+x86_64 0.0.1 11.00 56.00 67.00 NOTE
r-oldrel-macos-x86_64 0.0.1 OK
r-oldrel-windows-ix86+x86_64 0.0.1 13.00 55.00 68.00 OK

Check Details

Version: 0.0.1
Check: LazyData
Result: NOTE
     'LazyData' is specified without a 'data' directory
Flavors: r-devel-linux-x86_64-debian-clang, r-devel-linux-x86_64-debian-gcc, r-devel-linux-x86_64-fedora-clang, r-devel-linux-x86_64-fedora-gcc, r-devel-windows-x86_64-new-UL, r-devel-windows-x86_64-new-TK, r-patched-linux-x86_64, r-release-linux-x86_64, r-release-macos-arm64, r-release-macos-x86_64, r-release-windows-ix86+x86_64