CRAN Package Check Results for Package inters

Last updated on 2024-03-02 19:50:20 CET.

Flavor Version Tinstall Tcheck Ttotal Status Flags
r-devel-linux-x86_64-debian-clang 0.2.0 2.85 47.06 49.91 NOTE
r-devel-linux-x86_64-debian-gcc 0.2.0 2.13 35.07 37.20 NOTE
r-devel-linux-x86_64-fedora-clang 0.2.0 62.90 NOTE
r-devel-linux-x86_64-fedora-gcc 0.2.0 75.30 NOTE
r-devel-windows-x86_64 0.2.0 4.00 62.00 66.00 OK
r-patched-linux-x86_64 0.2.0 2.88 44.38 47.26 OK
r-release-linux-x86_64 0.2.0 2.59 44.59 47.18 OK
r-release-macos-arm64 0.2.0 31.00 OK
r-release-macos-x86_64 0.2.0 40.00 OK
r-release-windows-x86_64 0.2.0 4.00 64.00 68.00 OK
r-oldrel-macos-arm64 0.2.0 28.00 OK
r-oldrel-windows-x86_64 0.2.0 4.00 70.00 74.00 OK

Check Details

Version: 0.2.0
Check: Rd files
Result: NOTE checkRd: (-1) remit.Rd:32: Lost braces 32 | A data set to replicate the findings of Escrib\`{a}-Folch, | ^ checkRd: (-1) remit.Rd:38: Lost braces 38 | Escrib\`{a}-Folch, A., Meseguer, C. and Wright, J. (2018), Remittances and Protest in Dictatorships. American Journal of Political Science, 62: 889-904. \doi{10.1111/ajps.12382} | ^ Flavors: r-devel-linux-x86_64-debian-clang, r-devel-linux-x86_64-debian-gcc, r-devel-linux-x86_64-fedora-clang, r-devel-linux-x86_64-fedora-gcc