Last updated on 2023-01-29 19:54:07 CET.
Flavor | Version | Tinstall | Tcheck | Ttotal | Status | Flags |
---|---|---|---|---|---|---|
r-devel-linux-x86_64-debian-clang | 1.0.1 | 92.63 | 426.57 | 519.20 | OK | |
r-devel-linux-x86_64-debian-gcc | 1.0.1 | 72.06 | 325.23 | 397.29 | NOTE | |
r-devel-linux-x86_64-fedora-clang | 1.0.1 | 690.30 | OK | |||
r-devel-linux-x86_64-fedora-gcc | 1.0.1 | 699.15 | NOTE | |||
r-devel-windows-x86_64 | 1.0.1 | 100.00 | 480.00 | 580.00 | NOTE | |
r-patched-linux-x86_64 | 1.0.1 | 66.24 | 416.56 | 482.80 | OK | |
r-release-linux-x86_64 | 1.0.1 | 80.42 | 421.28 | 501.70 | OK | |
r-release-macos-arm64 | 1.0.1 | 152.00 | OK | |||
r-release-macos-x86_64 | 1.0.1 | 255.00 | OK | |||
r-release-windows-x86_64 | 1.0.1 | 85.00 | 474.00 | 559.00 | OK | |
r-oldrel-macos-arm64 | 1.0.1 | 143.00 | NOTE | |||
r-oldrel-macos-x86_64 | 1.0.1 | 303.00 | OK | |||
r-oldrel-windows-ix86+x86_64 | 1.0.1 | 195.00 | 588.00 | 783.00 | OK |
Version: 1.0.1
Check: C++ specification
Result: NOTE
Specified C++11: please update to current default of C++17
Flavors: r-devel-linux-x86_64-debian-gcc, r-devel-linux-x86_64-fedora-gcc, r-devel-windows-x86_64
Version: 1.0.1
Check: installed package size
Result: NOTE
installed size is 5.2Mb
sub-directories of 1Mb or more:
libs 4.4Mb
Flavor: r-oldrel-macos-arm64