CRAN Package Check Results for Package ipdw

Last updated on 2021-11-29 19:51:32 CET.

Flavor Version Tinstall Tcheck Ttotal Status Flags
r-devel-linux-x86_64-debian-clang 0.2-9 25.73 349.97 375.70 NOTE
r-devel-linux-x86_64-debian-gcc 0.2-9 23.83 262.76 286.59 NOTE
r-devel-linux-x86_64-fedora-clang 0.2-9 468.11 NOTE
r-devel-linux-x86_64-fedora-gcc 0.2-9 459.89 NOTE
r-devel-windows-x86_64-new-UL 0.2-9 44.00 388.00 432.00 NOTE
r-devel-windows-x86_64-new-TK 0.2-9 NOTE
r-devel-windows-x86_64-old 0.2-9 42.00 280.00 322.00 NOTE
r-patched-linux-x86_64 0.2-9 25.50 340.48 365.98 NOTE
r-patched-solaris-x86 0.2-9 506.00 NOTE
r-release-linux-x86_64 0.2-9 27.48 342.96 370.44 NOTE
r-release-macos-arm64 0.2-9 NOTE
r-release-macos-x86_64 0.2-9 NOTE
r-release-windows-ix86+x86_64 0.2-9 65.00 282.00 347.00 NOTE
r-oldrel-macos-x86_64 0.2-9 OK
r-oldrel-windows-ix86+x86_64 0.2-9 45.00 293.00 338.00 OK

Check Details

Version: 0.2-9
Check: LazyData
Result: NOTE
     'LazyData' is specified without a 'data' directory
Flavors: r-devel-linux-x86_64-debian-clang, r-devel-linux-x86_64-debian-gcc, r-devel-linux-x86_64-fedora-clang, r-devel-linux-x86_64-fedora-gcc, r-devel-windows-x86_64-new-UL, r-devel-windows-x86_64-new-TK, r-devel-windows-x86_64-old, r-patched-linux-x86_64, r-patched-solaris-x86, r-release-linux-x86_64, r-release-macos-arm64, r-release-macos-x86_64, r-release-windows-ix86+x86_64