CRAN Package Check Results for Package ipfr

Last updated on 2024-02-28 19:49:38 CET.

Flavor Version Tinstall Tcheck Ttotal Status Flags
r-devel-linux-x86_64-debian-clang 1.0.2 6.68 163.97 170.65 NOTE
r-devel-linux-x86_64-debian-gcc 1.0.2 5.18 123.97 129.15 NOTE
r-devel-linux-x86_64-fedora-clang 1.0.2 209.27 NOTE
r-devel-linux-x86_64-fedora-gcc 1.0.2 214.00 NOTE
r-devel-windows-x86_64 1.0.2 7.00 124.00 131.00 NOTE
r-patched-linux-x86_64 1.0.2 4.17 161.59 165.76 NOTE
r-release-linux-x86_64 1.0.2 3.92 158.90 162.82 NOTE
r-release-macos-arm64 1.0.2 79.00 NOTE
r-release-macos-x86_64 1.0.2 121.00 NOTE
r-release-windows-x86_64 1.0.2 8.00 175.00 183.00 NOTE
r-oldrel-macos-arm64 1.0.2 57.00 NOTE
r-oldrel-windows-x86_64 1.0.2 9.00 160.00 169.00 NOTE

Check Details

Version: 1.0.2
Check: LazyData
Result: NOTE 'LazyData' is specified without a 'data' directory Flavors: r-devel-linux-x86_64-debian-clang, r-devel-linux-x86_64-debian-gcc, r-devel-linux-x86_64-fedora-clang, r-devel-linux-x86_64-fedora-gcc, r-devel-windows-x86_64, r-patched-linux-x86_64, r-release-linux-x86_64, r-release-macos-arm64, r-release-macos-x86_64, r-release-windows-x86_64, r-oldrel-macos-arm64, r-oldrel-windows-x86_64