Last updated on 2023-12-07 19:58:31 CET.
Flavor | Version | Tinstall | Tcheck | Ttotal | Status | Flags |
---|---|---|---|---|---|---|
r-devel-linux-x86_64-debian-clang | 1.4.0 | 115.07 | 508.28 | 623.35 | NOTE | |
r-devel-linux-x86_64-debian-gcc | 1.4.0 | 89.04 | 376.14 | 465.18 | NOTE | |
r-devel-linux-x86_64-fedora-clang | 1.4.0 | 842.94 | NOTE | |||
r-devel-linux-x86_64-fedora-gcc | 1.4.0 | 843.23 | NOTE | |||
r-devel-windows-x86_64 | 1.4.0 | 96.00 | 368.00 | 464.00 | NOTE | |
r-patched-linux-x86_64 | 1.4.0 | 110.80 | 498.63 | 609.43 | NOTE | |
r-release-linux-x86_64 | 1.4.0 | 107.74 | 482.55 | 590.29 | NOTE | |
r-release-macos-arm64 | 1.4.0 | 199.00 | NOTE | |||
r-release-macos-x86_64 | 1.4.0 | 346.00 | NOTE | |||
r-release-windows-x86_64 | 1.4.0 | 129.00 | 481.00 | 610.00 | NOTE | |
r-oldrel-macos-arm64 | 1.4.0 | 164.00 | OK | |||
r-oldrel-macos-x86_64 | 1.4.0 | 237.00 | OK | |||
r-oldrel-windows-x86_64 | 1.4.0 | 126.00 | 440.00 | 566.00 | OK |
Version: 1.4.0
Check: C++ specification
Result: NOTE
Specified C++11: please drop specification unless essential
Flavors: r-devel-linux-x86_64-debian-clang, r-devel-linux-x86_64-debian-gcc, r-devel-linux-x86_64-fedora-clang, r-devel-linux-x86_64-fedora-gcc, r-devel-windows-x86_64, r-patched-linux-x86_64, r-release-linux-x86_64, r-release-macos-arm64, r-release-macos-x86_64, r-release-windows-x86_64