Last updated on 2023-02-04 19:58:14 CET.
Flavor | Version | Tinstall | Tcheck | Ttotal | Status | Flags |
---|---|---|---|---|---|---|
r-devel-linux-x86_64-debian-clang | 1.4.0 | 135.21 | 483.30 | 618.51 | NOTE | |
r-devel-linux-x86_64-debian-gcc | 1.4.0 | 100.37 | 351.27 | 451.64 | NOTE | |
r-devel-linux-x86_64-fedora-clang | 1.4.0 | 805.90 | NOTE | |||
r-devel-linux-x86_64-fedora-gcc | 1.4.0 | 773.02 | NOTE | |||
r-devel-windows-x86_64 | 1.4.0 | 108.00 | 527.00 | 635.00 | NOTE | |
r-patched-linux-x86_64 | 1.4.0 | 109.34 | 459.62 | 568.96 | OK | |
r-release-linux-x86_64 | 1.4.0 | 112.83 | 469.35 | 582.18 | OK | |
r-release-macos-arm64 | 1.4.0 | 164.00 | OK | |||
r-release-macos-x86_64 | 1.4.0 | 237.00 | OK | |||
r-release-windows-x86_64 | 1.4.0 | 139.00 | 524.00 | 663.00 | OK | |
r-oldrel-macos-arm64 | 1.4.0 | 145.00 | OK | |||
r-oldrel-macos-x86_64 | 1.4.0 | 225.00 | OK | |||
r-oldrel-windows-ix86+x86_64 | 1.4.0 | 267.00 | 687.00 | 954.00 | OK |
Version: 1.4.0
Check: C++ specification
Result: NOTE
Specified C++11: please update to current default of C++17
Flavors: r-devel-linux-x86_64-debian-clang, r-devel-linux-x86_64-debian-gcc, r-devel-linux-x86_64-fedora-clang, r-devel-linux-x86_64-fedora-gcc, r-devel-windows-x86_64