Last updated on 2023-01-28 19:52:18 CET.
Flavor | Version | Tinstall | Tcheck | Ttotal | Status | Flags |
---|---|---|---|---|---|---|
r-devel-linux-x86_64-debian-clang | 0.2.1 | 11.46 | 250.22 | 261.68 | NOTE | |
r-devel-linux-x86_64-debian-gcc | 0.2.1 | 9.92 | 190.42 | 200.34 | NOTE | |
r-devel-linux-x86_64-fedora-clang | 0.2.1 | 361.38 | NOTE | |||
r-devel-linux-x86_64-fedora-gcc | 0.2.1 | 347.56 | NOTE | |||
r-devel-windows-x86_64 | 0.2.1 | 44.00 | 307.00 | 351.00 | NOTE | |
r-patched-linux-x86_64 | 0.2.1 | 12.43 | 238.82 | 251.25 | OK | |
r-release-linux-x86_64 | 0.2.1 | 8.64 | 235.60 | 244.24 | OK | |
r-release-macos-arm64 | 0.2.1 | 93.00 | OK | |||
r-release-macos-x86_64 | 0.2.1 | 146.00 | OK | |||
r-release-windows-x86_64 | 0.2.1 | 45.00 | 318.00 | 363.00 | OK | |
r-oldrel-macos-arm64 | 0.2.1 | 90.00 | OK | |||
r-oldrel-macos-x86_64 | 0.2.1 | 120.00 | OK | |||
r-oldrel-windows-ix86+x86_64 | 0.2.1 | 30.00 | 291.00 | 321.00 | OK |
Version: 0.2.1
Check: Rd files
Result: NOTE
checkRd: (-1) ir_to_transmittance.Rd:49: Escaped LaTeX specials: \&
Flavors: r-devel-linux-x86_64-debian-clang, r-devel-linux-x86_64-debian-gcc, r-devel-linux-x86_64-fedora-clang, r-devel-linux-x86_64-fedora-gcc, r-devel-windows-x86_64