CRAN Package Check Results for Package irrCAC

Last updated on 2024-04-17 21:55:58 CEST.

Flavor Version Tinstall Tcheck Ttotal Status Flags
r-devel-linux-x86_64-debian-clang 1.0 4.57 47.75 52.32 NOTE
r-devel-linux-x86_64-debian-gcc 1.0 3.73 36.02 39.75 NOTE
r-devel-linux-x86_64-fedora-clang 1.0 66.69 NOTE
r-devel-linux-x86_64-fedora-gcc 1.0 77.67 NOTE
r-prerel-macos-arm64 1.0 32.00 NOTE
r-prerel-windows-x86_64 1.0 7.00 67.00 74.00 NOTE
r-patched-linux-x86_64 1.0 5.94 44.83 50.77 NOTE
r-release-linux-x86_64 1.0 4.95 45.05 50.00 NOTE
r-release-macos-arm64 1.0 31.00 NOTE
r-release-macos-x86_64 1.0 46.00 NOTE
r-release-windows-x86_64 1.0 7.00 72.00 79.00 NOTE
r-oldrel-macos-arm64 1.0 26.00 OK
r-oldrel-windows-x86_64 1.0 7.00 66.00 73.00 OK

Check Details

Version: 1.0
Check: Rd files
Result: NOTE checkRd: (-1) bp.coeff.raw.Rd:5: Escaped LaTeX specials: \& checkRd: (-1) bp.coeff.raw.Rd:41: Escaped LaTeX specials: \& checkRd: (-1) bp.coeff.raw.Rd:53: Escaped LaTeX specials: \& checkRd: (-1) fleiss.kappa.raw.Rd:52: Escaped LaTeX specials: \& checkRd: (-1) landis.koch.bf.Rd:14: Escaped LaTeX specials: \& checkRd: (-1) landis.koch.bf.Rd:17: Escaped LaTeX specials: \& Flavors: r-devel-linux-x86_64-debian-clang, r-devel-linux-x86_64-debian-gcc, r-devel-linux-x86_64-fedora-clang, r-devel-linux-x86_64-fedora-gcc, r-prerel-macos-arm64, r-prerel-windows-x86_64, r-patched-linux-x86_64, r-release-linux-x86_64, r-release-macos-arm64, r-release-macos-x86_64, r-release-windows-x86_64