CRAN Package Check Results for Package irtoys

Last updated on 2021-12-01 19:51:39 CET.

Flavor Version Tinstall Tcheck Ttotal Status Flags
r-devel-linux-x86_64-debian-clang 0.2.1 9.23 93.94 103.17 NOTE
r-devel-linux-x86_64-debian-gcc 0.2.1 8.77 71.70 80.47 NOTE
r-devel-linux-x86_64-fedora-clang 0.2.1 143.28 OK
r-devel-linux-x86_64-fedora-gcc 0.2.1 132.19 OK
r-devel-windows-x86_64-new-UL 0.2.1 24.00 146.00 170.00 NOTE
r-devel-windows-x86_64-new-TK 0.2.1 OK
r-devel-windows-x86_64-old 0.2.1 16.00 98.00 114.00 NOTE
r-patched-linux-x86_64 0.2.1 11.48 83.40 94.88 NOTE
r-patched-solaris-x86 0.2.1 165.80 OK
r-release-linux-x86_64 0.2.1 10.32 85.03 95.35 NOTE
r-release-macos-arm64 0.2.1 OK
r-release-macos-x86_64 0.2.1 OK
r-release-windows-ix86+x86_64 0.2.1 24.00 124.00 148.00 NOTE
r-oldrel-macos-x86_64 0.2.1 OK
r-oldrel-windows-ix86+x86_64 0.2.1 19.00 158.00 177.00 NOTE

Check Details

Version: 0.2.1
Check: package vignettes
Result: NOTE
    Package vignette with placeholder title 'Vignette Title':
     'irtoys-vignette.Rmd'
Flavors: r-devel-linux-x86_64-debian-clang, r-devel-linux-x86_64-debian-gcc, r-devel-windows-x86_64-new-UL, r-devel-windows-x86_64-old, r-patched-linux-x86_64, r-release-linux-x86_64, r-release-windows-ix86+x86_64, r-oldrel-windows-ix86+x86_64