CRAN Package Check Results for Package isoband

Last updated on 2022-01-26 19:50:36 CET.

Flavor Version Tinstall Tcheck Ttotal Status Flags
r-devel-linux-x86_64-debian-clang 0.2.5 37.28 47.83 85.11 OK
r-devel-linux-x86_64-debian-gcc 0.2.5 34.95 37.42 72.37 OK
r-devel-linux-x86_64-fedora-clang 0.2.5 123.34 NOTE
r-devel-linux-x86_64-fedora-gcc 0.2.5 113.74 OK
r-devel-windows-x86_64-new-UL 0.2.5 254.00 110.00 364.00 OK
r-devel-windows-x86_64-new-TK 0.2.5 OK
r-patched-linux-x86_64 0.2.5 40.06 44.30 84.36 OK
r-release-linux-x86_64 0.2.5 39.23 43.58 82.81 OK
r-release-macos-arm64 0.2.5 NOTE
r-release-macos-x86_64 0.2.5 NOTE
r-release-windows-ix86+x86_64 0.2.5 97.00 88.00 185.00 OK
r-oldrel-macos-x86_64 0.2.5 NOTE
r-oldrel-windows-ix86+x86_64 0.2.5 94.00 86.00 180.00 OK

Check Details

Version: 0.2.5
Check: installed package size
Result: NOTE
     installed size is 7.2Mb
     sub-directories of 1Mb or more:
     libs 5.3Mb
Flavors: r-devel-linux-x86_64-fedora-clang, r-release-macos-arm64, r-release-macos-x86_64, r-oldrel-macos-x86_64