CRAN Package Check Results for Package ivdesc

Last updated on 2022-01-25 19:50:35 CET.

Flavor Version Tinstall Tcheck Ttotal Status Flags
r-devel-linux-x86_64-debian-clang 1.1.0 5.32 60.92 66.24 NOTE
r-devel-linux-x86_64-debian-gcc 1.1.0 3.62 45.42 49.04 NOTE
r-devel-linux-x86_64-fedora-clang 1.1.0 77.80 NOTE
r-devel-linux-x86_64-fedora-gcc 1.1.0 66.66 NOTE
r-devel-windows-x86_64-new-UL 1.1.0 12.00 82.00 94.00 NOTE
r-devel-windows-x86_64-new-TK 1.1.0 NOTE
r-patched-linux-x86_64 1.1.0 4.94 54.72 59.66 NOTE
r-release-linux-x86_64 1.1.0 3.40 54.95 58.35 NOTE
r-release-macos-arm64 1.1.0 NOTE
r-release-macos-x86_64 1.1.0 NOTE
r-release-windows-ix86+x86_64 1.1.0 13.00 67.00 80.00 NOTE
r-oldrel-macos-x86_64 1.1.0 OK
r-oldrel-windows-ix86+x86_64 1.1.0 14.00 70.00 84.00 OK

Check Details

Version: 1.1.0
Check: LazyData
Result: NOTE
     'LazyData' is specified without a 'data' directory
Flavors: r-devel-linux-x86_64-debian-clang, r-devel-linux-x86_64-debian-gcc, r-devel-linux-x86_64-fedora-clang, r-devel-linux-x86_64-fedora-gcc, r-devel-windows-x86_64-new-UL, r-devel-windows-x86_64-new-TK, r-patched-linux-x86_64, r-release-linux-x86_64, r-release-macos-arm64, r-release-macos-x86_64, r-release-windows-ix86+x86_64

Version: 1.1.0
Check: Rd cross-references
Result: NOTE
    Undeclared package ‘AER’ in Rd xrefs
Flavor: r-devel-linux-x86_64-fedora-clang

Version: 1.1.0
Check: Rd cross-references
Result: NOTE
    Package unavailable to check Rd xrefs: 'AER'
Flavor: r-devel-windows-x86_64-new-TK