CRAN Package Check Results for Package ivdesign

Last updated on 2021-03-03 19:48:09 CET.

Flavor Version Tinstall Tcheck Ttotal Status Flags
r-devel-linux-x86_64-debian-clang 0.1.0 2.12 24.80 26.92 NOTE
r-devel-linux-x86_64-debian-gcc 0.1.0 1.78 19.61 21.39 NOTE
r-devel-linux-x86_64-fedora-clang 0.1.0 43.37 NOTE
r-devel-linux-x86_64-fedora-gcc 0.1.0 32.23 NOTE
r-devel-windows-ix86+x86_64 0.1.0 5.00 45.00 50.00 NOTE
r-patched-linux-x86_64 0.1.0 1.80 24.08 25.88 NOTE
r-patched-solaris-x86 0.1.0 50.10 NOTE
r-release-linux-x86_64 0.1.0 2.16 24.01 26.17 NOTE
r-release-macos-x86_64 0.1.0 NOTE
r-release-windows-ix86+x86_64 0.1.0 5.00 38.00 43.00 NOTE
r-oldrel-macos-x86_64 0.1.0 NOTE
r-oldrel-windows-ix86+x86_64 0.1.0 35.00 43.00 78.00 NOTE

Check Details

Version: 0.1.0
Check: package dependencies
Result: NOTE
    Package suggested but not available for checking: 'gurobi'
Flavors: r-devel-linux-x86_64-debian-clang, r-devel-linux-x86_64-debian-gcc, r-devel-linux-x86_64-fedora-clang, r-devel-linux-x86_64-fedora-gcc, r-devel-windows-ix86+x86_64, r-patched-linux-x86_64, r-patched-solaris-x86, r-release-linux-x86_64, r-release-macos-x86_64, r-release-windows-ix86+x86_64, r-oldrel-macos-x86_64, r-oldrel-windows-ix86+x86_64