CRAN Package Check Results for Package ivdoctr

Last updated on 2024-02-22 19:55:35 CET.

Flavor Version Tinstall Tcheck Ttotal Status Flags
r-devel-linux-x86_64-debian-clang 1.0.1 OK
r-devel-linux-x86_64-debian-gcc 1.0.1 33.36 89.91 123.27 OK
r-devel-linux-x86_64-fedora-clang 1.0.1 213.26 NOTE
r-devel-linux-x86_64-fedora-gcc 1.0.1 218.14 NOTE
r-devel-windows-x86_64 1.0.1 36.00 131.00 167.00 OK
r-patched-linux-x86_64 1.0.1 40.64 117.59 158.23 OK
r-release-linux-x86_64 1.0.1 35.10 117.02 152.12 OK
r-release-macos-arm64 1.0.1 68.00 OK
r-release-macos-x86_64 1.0.1 103.00 OK
r-release-windows-x86_64 1.0.1 47.00 152.00 199.00 OK
r-oldrel-macos-arm64 1.0.1 56.00 NOTE
r-oldrel-windows-x86_64 1.0.1 43.00 146.00 189.00 OK

Check Details

Version: 1.0.1
Check: data for non-ASCII characters
Result: NOTE Note: found 58 marked UTF-8 strings Flavors: r-devel-linux-x86_64-fedora-clang, r-devel-linux-x86_64-fedora-gcc, r-oldrel-macos-arm64