CRAN Package Check Results for Package ivsacim

Last updated on 2024-03-02 19:50:20 CET.

Flavor Version Tinstall Tcheck Ttotal Status Flags
r-devel-linux-x86_64-debian-clang 2.1.0 47.11 32.49 79.60 NOTE
r-devel-linux-x86_64-debian-gcc 2.1.0 33.75 24.53 58.28 NOTE
r-devel-linux-x86_64-fedora-clang 2.1.0 108.83 NOTE
r-devel-linux-x86_64-fedora-gcc 2.1.0 103.90 NOTE
r-devel-windows-x86_64 2.1.0 32.00 70.00 102.00 NOTE
r-patched-linux-x86_64 2.1.0 40.88 31.16 72.04 NOTE
r-release-linux-x86_64 2.1.0 44.00 31.54 75.54 NOTE
r-release-macos-arm64 2.1.0 28.00 NOTE
r-release-macos-x86_64 2.1.0 42.00 NOTE
r-release-windows-x86_64 2.1.0 33.00 74.00 107.00 NOTE
r-oldrel-macos-arm64 2.1.0 30.00 OK
r-oldrel-windows-x86_64 2.1.0 42.00 79.00 121.00 OK

Check Details

Version: 2.1.0
Check: C++ specification
Result: NOTE Specified C++11: please drop specification unless essential Flavors: r-devel-linux-x86_64-debian-clang, r-devel-linux-x86_64-debian-gcc, r-devel-linux-x86_64-fedora-clang, r-devel-linux-x86_64-fedora-gcc, r-devel-windows-x86_64, r-patched-linux-x86_64, r-release-linux-x86_64, r-release-macos-arm64, r-release-macos-x86_64, r-release-windows-x86_64